Last updated on 2021-11-01 00:49:37 CET.
Flavor | Version | Tinstall | Tcheck | Ttotal | Status | Flags |
---|---|---|---|---|---|---|
r-devel-linux-x86_64-debian-clang | 0.1-6 | 2.12 | 20.76 | 22.88 | NOTE | |
r-devel-linux-x86_64-debian-gcc | 0.1-6 | 1.85 | 16.42 | 18.27 | NOTE | |
r-devel-linux-x86_64-fedora-clang | 0.1-6 | 39.71 | NOTE | |||
r-devel-linux-x86_64-fedora-gcc | 0.1-6 | 28.23 | NOTE | |||
r-devel-windows-x86_64 | 0.1-6 | 4.00 | 33.00 | 37.00 | NOTE | |
r-devel-windows-x86_64-gcc10-UCRT | 0.1-6 | NOTE | ||||
r-patched-linux-x86_64 | 0.1-6 | 2.46 | 20.25 | 22.71 | NOTE | |
r-patched-solaris-x86 | 0.1-6 | 43.70 | NOTE | |||
r-release-linux-x86_64 | 0.1-6 | 1.86 | 20.52 | 22.38 | NOTE | |
r-release-macos-arm64 | 0.1-6 | NOTE | ||||
r-release-macos-x86_64 | 0.1-6 | NOTE | ||||
r-release-windows-ix86+x86_64 | 0.1-6 | 5.00 | 26.00 | 31.00 | NOTE | |
r-oldrel-macos-x86_64 | 0.1-6 | NOTE | ||||
r-oldrel-windows-ix86+x86_64 | 0.1-6 | 4.00 | 28.00 | 32.00 | NOTE |
Version: 0.1-6
Check: R code for possible problems
Result: NOTE
eb: no visible global function definition for 'optimize'
ebalance: no visible global function definition for 'var'
Undefined global functions or variables:
optimize var
Consider adding
importFrom("stats", "optimize", "var")
to your NAMESPACE file.
Flavors: r-devel-linux-x86_64-debian-clang, r-devel-linux-x86_64-debian-gcc, r-devel-linux-x86_64-fedora-clang, r-devel-linux-x86_64-fedora-gcc, r-devel-windows-x86_64, r-devel-windows-x86_64-gcc10-UCRT, r-patched-linux-x86_64, r-patched-solaris-x86, r-release-linux-x86_64, r-release-macos-arm64, r-release-macos-x86_64, r-release-windows-ix86+x86_64, r-oldrel-macos-x86_64, r-oldrel-windows-ix86+x86_64