Last updated on 2021-11-01 00:49:37 CET.
Flavor | Version | Tinstall | Tcheck | Ttotal | Status | Flags |
---|---|---|---|---|---|---|
r-devel-linux-x86_64-debian-clang | 5.3.1 | 20.88 | 91.87 | 112.75 | OK | |
r-devel-linux-x86_64-debian-gcc | 5.3.1 | 16.37 | 68.34 | 84.71 | OK | |
r-devel-linux-x86_64-fedora-clang | 5.3.1 | 147.18 | NOTE | |||
r-devel-linux-x86_64-fedora-gcc | 5.3.1 | 132.30 | OK | |||
r-devel-windows-x86_64 | 5.3.1 | 30.00 | 106.00 | 136.00 | OK | |
r-devel-windows-x86_64-gcc10-UCRT | 5.3.1 | OK | ||||
r-patched-linux-x86_64 | 5.3.1 | 21.82 | 89.22 | 111.04 | OK | |
r-patched-solaris-x86 | 5.3.1 | 154.70 | OK | |||
r-release-linux-x86_64 | 5.3.1 | 19.22 | 92.00 | 111.22 | OK | |
r-release-macos-arm64 | 5.3.1 | OK | ||||
r-release-macos-x86_64 | 5.3.1 | OK | ||||
r-release-windows-ix86+x86_64 | 5.3.1 | 28.00 | 83.00 | 111.00 | OK | |
r-oldrel-macos-x86_64 | 5.3.1 | OK | ||||
r-oldrel-windows-ix86+x86_64 | 5.3.1 | 28.00 | 113.00 | 141.00 | OK |
Version: 5.3.1
Check: Rd cross-references
Result: NOTE
Undeclared package ‘leaps’ in Rd xrefs
Flavor: r-devel-linux-x86_64-fedora-clang