CRAN Package Check Results for Package eaf

Last updated on 2021-11-01 00:49:36 CET.

Flavor Version Tinstall Tcheck Ttotal Status Flags
r-devel-linux-x86_64-debian-clang 2.2 18.56 95.91 114.47 NOTE
r-devel-linux-x86_64-debian-gcc 2.2 14.37 71.44 85.81 NOTE
r-devel-linux-x86_64-fedora-clang 2.2 153.80 NOTE
r-devel-linux-x86_64-fedora-gcc 2.2 133.98 NOTE
r-devel-windows-x86_64 2.2 46.00 127.00 173.00 NOTE
r-devel-windows-x86_64-gcc10-UCRT 2.2 WARN
r-patched-linux-x86_64 2.2 16.62 89.98 106.60 NOTE
r-patched-solaris-x86 2.2 243.60 NOTE
r-release-linux-x86_64 2.2 15.90 90.01 105.91 NOTE
r-release-macos-arm64 2.2 NOTE
r-release-macos-x86_64 2.2 NOTE
r-release-windows-ix86+x86_64 2.2 66.00 192.00 258.00 NOTE
r-oldrel-macos-x86_64 2.2 NOTE
r-oldrel-windows-ix86+x86_64 2.2 62.00 252.00 314.00 NOTE

Check Details

Version: 2.2
Check: for GNU extensions in Makefiles
Result: NOTE
    GNU make is a SystemRequirements.
Flavors: r-devel-linux-x86_64-debian-clang, r-devel-linux-x86_64-debian-gcc, r-devel-linux-x86_64-fedora-clang, r-devel-linux-x86_64-fedora-gcc, r-devel-windows-x86_64, r-devel-windows-x86_64-gcc10-UCRT, r-patched-linux-x86_64, r-patched-solaris-x86, r-release-linux-x86_64, r-release-macos-arm64, r-release-macos-x86_64, r-release-windows-ix86+x86_64, r-oldrel-macos-x86_64, r-oldrel-windows-ix86+x86_64

Version: 2.2
Check: Rd cross-references
Result: NOTE
    Undeclared package ‘viridis’ in Rd xrefs
Flavor: r-devel-linux-x86_64-fedora-clang

Version: 2.2
Check: installed package size
Result: NOTE
     installed size is 5.4Mb
     sub-directories of 1Mb or more:
     bin 3.2Mb
     extdata 1.7Mb
Flavors: r-devel-windows-x86_64, r-release-windows-ix86+x86_64, r-oldrel-windows-ix86+x86_64

Version: 2.2
Check: whether package can be installed
Result: WARN
    Found the following significant warnings:
     WARNING: failed to apply patch patches/CRAN/eaf.diff
Flavor: r-devel-windows-x86_64-gcc10-UCRT

Version: 2.2
Check: compiled code
Result: NOTE
    File ‘eaf/libs/eaf.so’:
     Found ‘___stderrp’, possibly from ‘stderr’ (C)
     Objects: ‘eaf/io.o’, ‘mo-tools/hv.o’
     Found ‘___stdoutp’, possibly from ‘stdout’ (C)
     Object: ‘eaf/io.o’
    
    Compiled code should not call entry points which might terminate R nor
    write to stdout/stderr instead of to the console, nor use Fortran I/O
    nor system RNGs.
    
    See ‘Writing portable packages’ in the ‘Writing R Extensions’ manual.
Flavors: r-release-macos-arm64, r-release-macos-x86_64, r-oldrel-macos-x86_64