Last updated on 2021-11-01 00:49:36 CET.
Flavor | Version | Tinstall | Tcheck | Ttotal | Status | Flags |
---|---|---|---|---|---|---|
r-devel-linux-x86_64-debian-clang | 0.3-6 | 5.95 | 49.79 | 55.74 | OK | |
r-devel-linux-x86_64-debian-gcc | 0.3-6 | 4.35 | 37.93 | 42.28 | OK | |
r-devel-linux-x86_64-fedora-clang | 0.3-6 | 80.50 | OK | |||
r-devel-linux-x86_64-fedora-gcc | 0.3-6 | 64.61 | OK | |||
r-devel-windows-x86_64 | 0.3-6 | 10.00 | 71.00 | 81.00 | OK | |
r-devel-windows-x86_64-gcc10-UCRT | 0.3-6 | OK | ||||
r-patched-linux-x86_64 | 0.3-6 | 5.50 | 46.95 | 52.45 | OK | |
r-patched-solaris-x86 | 0.3-6 | 102.80 | OK | |||
r-release-linux-x86_64 | 0.3-6 | 5.55 | 46.76 | 52.31 | OK | |
r-release-macos-arm64 | 0.3-6 | OK | ||||
r-release-macos-x86_64 | 0.3-6 | OK | ||||
r-release-windows-ix86+x86_64 | 0.3-6 | 11.00 | 52.00 | 63.00 | OK | |
r-oldrel-macos-x86_64 | 0.3-6 | NOTE | ||||
r-oldrel-windows-ix86+x86_64 | 0.3-6 | 10.00 | 70.00 | 80.00 | OK |
Version: 0.3-6
Check: package dependencies
Result: NOTE
Package suggested but not available for checking: ‘TSA’
Flavor: r-oldrel-macos-x86_64