CRAN Package Check Results for Package drawer

Last updated on 2021-11-01 00:49:36 CET.

Flavor Version Tinstall Tcheck Ttotal Status Flags
r-devel-linux-x86_64-debian-clang 0.1.0 3.72 33.43 37.15 NOTE
r-devel-linux-x86_64-debian-gcc 0.1.0 3.29 26.16 29.45 NOTE
r-devel-linux-x86_64-fedora-clang 0.1.0 55.96 NOTE
r-devel-linux-x86_64-fedora-gcc 0.1.0 44.84 NOTE
r-devel-windows-x86_64 0.1.0 7.00 54.00 61.00 NOTE
r-devel-windows-x86_64-gcc10-UCRT 0.1.0 NOTE
r-patched-linux-x86_64 0.1.0 3.92 32.43 36.35 NOTE
r-patched-solaris-x86 0.1.0 72.20 NOTE
r-release-linux-x86_64 0.1.0 3.94 32.56 36.50 NOTE
r-release-macos-arm64 0.1.0 NOTE
r-release-macos-x86_64 0.1.0 NOTE
r-release-windows-ix86+x86_64 0.1.0 7.00 46.00 53.00 NOTE
r-oldrel-macos-x86_64 0.1.0 OK
r-oldrel-windows-ix86+x86_64 0.1.0 8.00 56.00 64.00 OK

Check Details

Version: 0.1.0
Check: LazyData
Result: NOTE
     'LazyData' is specified without a 'data' directory
Flavors: r-devel-linux-x86_64-debian-clang, r-devel-linux-x86_64-debian-gcc, r-devel-linux-x86_64-fedora-clang, r-devel-linux-x86_64-fedora-gcc, r-devel-windows-x86_64, r-devel-windows-x86_64-gcc10-UCRT, r-patched-linux-x86_64, r-patched-solaris-x86, r-release-linux-x86_64, r-release-macos-arm64, r-release-macos-x86_64, r-release-windows-ix86+x86_64