Last updated on 2021-11-01 00:49:36 CET.
Flavor | Version | Tinstall | Tcheck | Ttotal | Status | Flags |
---|---|---|---|---|---|---|
r-devel-linux-x86_64-debian-clang | 0.2.2 | 4.10 | 33.43 | 37.53 | OK | |
r-devel-linux-x86_64-debian-gcc | 0.2.2 | 3.08 | 26.75 | 29.83 | OK | |
r-devel-linux-x86_64-fedora-clang | 0.2.2 | 62.57 | OK | |||
r-devel-linux-x86_64-fedora-gcc | 0.2.2 | 53.77 | OK | |||
r-devel-windows-x86_64 | 0.2.2 | 6.00 | 53.00 | 59.00 | OK | |
r-devel-windows-x86_64-gcc10-UCRT | 0.2.2 | OK | ||||
r-patched-linux-x86_64 | 0.2.2 | 4.26 | 32.77 | 37.03 | OK | |
r-patched-solaris-x86 | 0.2.2 | 66.50 | OK | |||
r-release-linux-x86_64 | 0.2.2 | 3.75 | 32.86 | 36.61 | OK | |
r-release-macos-arm64 | 0.2.2 | ERROR | ||||
r-release-macos-x86_64 | 0.2.2 | ERROR | ||||
r-release-windows-ix86+x86_64 | 0.2.2 | 6.00 | 43.00 | 49.00 | OK | |
r-oldrel-macos-x86_64 | 0.2.2 | ERROR | ||||
r-oldrel-windows-ix86+x86_64 | 0.2.2 | 6.00 | 52.00 | 58.00 | OK |
Version: 0.2.2
Check: package dependencies
Result: ERROR
Package required but not available: ‘Rmpi’
See section ‘The DESCRIPTION file’ in the ‘Writing R Extensions’
manual.
Flavors: r-release-macos-arm64, r-release-macos-x86_64, r-oldrel-macos-x86_64