Last updated on 2021-11-01 00:49:36 CET.
Flavor | Version | Tinstall | Tcheck | Ttotal | Status | Flags |
---|---|---|---|---|---|---|
r-devel-linux-x86_64-debian-clang | 2.0.0.0 | 8.03 | 56.96 | 64.99 | OK | |
r-devel-linux-x86_64-debian-gcc | 2.0.0.0 | 6.23 | 43.03 | 49.26 | OK | |
r-devel-linux-x86_64-fedora-clang | 2.0.0.0 | 91.19 | OK | |||
r-devel-linux-x86_64-fedora-gcc | 2.0.0.0 | 79.75 | OK | |||
r-devel-windows-x86_64 | 2.0.0.0 | 13.00 | 91.00 | 104.00 | OK | |
r-devel-windows-x86_64-gcc10-UCRT | 2.0.0.0 | OK | ||||
r-patched-linux-x86_64 | 2.0.0.0 | 8.34 | 53.88 | 62.22 | OK | |
r-patched-solaris-x86 | 2.0.0.0 | 106.30 | OK | |||
r-release-linux-x86_64 | 2.0.0.0 | 7.52 | 53.61 | 61.13 | OK | |
r-release-macos-arm64 | 2.0.0.0 | OK | ||||
r-release-macos-x86_64 | 2.0.0.0 | OK | ||||
r-release-windows-ix86+x86_64 | 2.0.0.0 | 12.00 | 65.00 | 77.00 | OK | |
r-oldrel-macos-x86_64 | 1.9.0.0 | ERROR | ||||
r-oldrel-windows-ix86+x86_64 | 1.9.0.0 | 1.00 | 10.00 | 11.00 | ERROR |
Version: 1.9.0.0
Check: whether package can be installed
Result: ERROR
Installation failed.
Flavors: r-oldrel-macos-x86_64, r-oldrel-windows-ix86+x86_64