CRAN Package Check Results for Package dlookr

Last updated on 2021-11-01 00:49:36 CET.

Flavor Version Tinstall Tcheck Ttotal Status Flags
r-devel-linux-x86_64-debian-clang 0.5.1 27.91 369.55 397.46 OK
r-devel-linux-x86_64-debian-gcc 0.5.1 22.43 273.02 295.45 OK
r-devel-linux-x86_64-fedora-clang 0.5.1 468.06 OK
r-devel-linux-x86_64-fedora-gcc 0.5.1 452.53 OK
r-devel-windows-x86_64 0.5.1 40.00 453.00 493.00 OK
r-devel-windows-x86_64-gcc10-UCRT 0.5.1 OK
r-patched-linux-x86_64 0.5.1 31.29 366.81 398.10 OK
r-patched-solaris-x86 0.5.1 473.10 OK
r-release-linux-x86_64 0.5.1 21.98 365.13 387.11 OK
r-release-macos-arm64 0.5.1 WARN
r-release-macos-x86_64 0.5.1 OK
r-release-windows-ix86+x86_64 0.5.1 35.00 364.00 399.00 OK
r-oldrel-macos-x86_64 0.5.1 OK
r-oldrel-windows-ix86+x86_64 0.5.1 37.00 472.00 509.00 OK

Additional issues

M1mac

Check Details

Version: 0.5.1
Check: dependencies in R code
Result: NOTE
    sh: line 1: 52594 Segmentation fault: 11 '/Volumes/Builds/packages/big-sur-arm64/Rlib/4.1/Rttf2pt1/exec//ttf2pt1' -a -GfAe '/System/Library/Fonts/Supplemental/Arial Narrow Bold Italic.ttf' '/Volumes/Temp/tmp/RtmpnXE3Ux/fonts/Arial Narrow Bold Italic' 2>&1
    sh: line 1: 52613 Segmentation fault: 11 '/Volumes/Builds/packages/big-sur-arm64/Rlib/4.1/Rttf2pt1/exec//ttf2pt1' -a -GfAe '/System/Library/Fonts/Supplemental/Arial Narrow Bold.ttf' '/Volumes/Temp/tmp/RtmpnXE3Ux/fonts/Arial Narrow Bold' 2>&1
    sh: line 1: 52619 Segmentation fault: 11 '/Volumes/Builds/packages/big-sur-arm64/Rlib/4.1/Rttf2pt1/exec//ttf2pt1' -a -GfAe '/System/Library/Fonts/Supplemental/Arial Narrow Italic.ttf' '/Volumes/Temp/tmp/RtmpnXE3Ux/fonts/Arial Narrow Italic' 2>&1
    sh: line 1: 52631 Segmentation fault: 11 '/Volumes/Builds/packages/big-sur-arm64/Rlib/4.1/Rttf2pt1/exec//ttf2pt1' -a -GfAe '/System/Library/Fonts/Supplemental/Arial Narrow.ttf' '/Volumes/Temp/tmp/RtmpnXE3Ux/fonts/Arial Narrow' 2>&1
Flavor: r-release-macos-arm64

Version: 0.5.1
Check: S3 generic/method consistency
Result: WARN
    sh: line 1: 53728 Segmentation fault: 11 '/Volumes/Builds/packages/big-sur-arm64/Rlib/4.1/Rttf2pt1/exec//ttf2pt1' -a -GfAe '/System/Library/Fonts/Supplemental/Arial Narrow Bold Italic.ttf' '/Volumes/Temp/tmp/RtmpyUR4mN/fonts/Arial Narrow Bold Italic' 2>&1
    sh: line 1: 53741 Segmentation fault: 11 '/Volumes/Builds/packages/big-sur-arm64/Rlib/4.1/Rttf2pt1/exec//ttf2pt1' -a -GfAe '/System/Library/Fonts/Supplemental/Arial Narrow Bold.ttf' '/Volumes/Temp/tmp/RtmpyUR4mN/fonts/Arial Narrow Bold' 2>&1
    sh: line 1: 53757 Segmentation fault: 11 '/Volumes/Builds/packages/big-sur-arm64/Rlib/4.1/Rttf2pt1/exec//ttf2pt1' -a -GfAe '/System/Library/Fonts/Supplemental/Arial Narrow Italic.ttf' '/Volumes/Temp/tmp/RtmpyUR4mN/fonts/Arial Narrow Italic' 2>&1
    sh: line 1: 53769 Segmentation fault: 11 '/Volumes/Builds/packages/big-sur-arm64/Rlib/4.1/Rttf2pt1/exec//ttf2pt1' -a -GfAe '/System/Library/Fonts/Supplemental/Arial Narrow.ttf' '/Volumes/Temp/tmp/RtmpyUR4mN/fonts/Arial Narrow' 2>&1
    See section ‘Generic functions and methods’ in the ‘Writing R
    Extensions’ manual.
Flavor: r-release-macos-arm64

Version: 0.5.1
Check: replacement functions
Result: WARN
    sh: line 1: 56069 Segmentation fault: 11 '/Volumes/Builds/packages/big-sur-arm64/Rlib/4.1/Rttf2pt1/exec//ttf2pt1' -a -GfAe '/System/Library/Fonts/Supplemental/Arial Narrow Bold Italic.ttf' '/Volumes/Temp/tmp/Rtmp9sZ423/fonts/Arial Narrow Bold Italic' 2>&1
    sh: line 1: 56076 Segmentation fault: 11 '/Volumes/Builds/packages/big-sur-arm64/Rlib/4.1/Rttf2pt1/exec//ttf2pt1' -a -GfAe '/System/Library/Fonts/Supplemental/Arial Narrow Bold.ttf' '/Volumes/Temp/tmp/Rtmp9sZ423/fonts/Arial Narrow Bold' 2>&1
    sh: line 1: 56086 Segmentation fault: 11 '/Volumes/Builds/packages/big-sur-arm64/Rlib/4.1/Rttf2pt1/exec//ttf2pt1' -a -GfAe '/System/Library/Fonts/Supplemental/Arial Narrow Italic.ttf' '/Volumes/Temp/tmp/Rtmp9sZ423/fonts/Arial Narrow Italic' 2>&1
    sh: line 1: 56099 Segmentation fault: 11 '/Volumes/Builds/packages/big-sur-arm64/Rlib/4.1/Rttf2pt1/exec//ttf2pt1' -a -GfAe '/System/Library/Fonts/Supplemental/Arial Narrow.ttf' '/Volumes/Temp/tmp/Rtmp9sZ423/fonts/Arial Narrow' 2>&1
    The argument of a replacement function which corresponds to the right
    hand side must be named ‘value’.
Flavor: r-release-macos-arm64

Version: 0.5.1
Check: foreign function calls
Result: NOTE
    sh: line 1: 57195 Segmentation fault: 11 '/Volumes/Builds/packages/big-sur-arm64/Rlib/4.1/Rttf2pt1/exec//ttf2pt1' -a -GfAe '/System/Library/Fonts/Supplemental/Arial Narrow Bold Italic.ttf' '/Volumes/Temp/tmp/RtmpONJb3Q/fonts/Arial Narrow Bold Italic' 2>&1
    sh: line 1: 57213 Segmentation fault: 11 '/Volumes/Builds/packages/big-sur-arm64/Rlib/4.1/Rttf2pt1/exec//ttf2pt1' -a -GfAe '/System/Library/Fonts/Supplemental/Arial Narrow Bold.ttf' '/Volumes/Temp/tmp/RtmpONJb3Q/fonts/Arial Narrow Bold' 2>&1
    sh: line 1: 57223 Segmentation fault: 11 '/Volumes/Builds/packages/big-sur-arm64/Rlib/4.1/Rttf2pt1/exec//ttf2pt1' -a -GfAe '/System/Library/Fonts/Supplemental/Arial Narrow Italic.ttf' '/Volumes/Temp/tmp/RtmpONJb3Q/fonts/Arial Narrow Italic' 2>&1
    sh: line 1: 57241 Segmentation fault: 11 '/Volumes/Builds/packages/big-sur-arm64/Rlib/4.1/Rttf2pt1/exec//ttf2pt1' -a -GfAe '/System/Library/Fonts/Supplemental/Arial Narrow.ttf' '/Volumes/Temp/tmp/RtmpONJb3Q/fonts/Arial Narrow' 2>&1
    See chapter ‘System and foreign language interfaces’ in the ‘Writing R
    Extensions’ manual.
Flavor: r-release-macos-arm64

Version: 0.5.1
Check: for missing documentation entries
Result: WARN
    sh: line 1: 67211 Segmentation fault: 11 '/Volumes/Builds/packages/big-sur-arm64/Rlib/4.1/Rttf2pt1/exec//ttf2pt1' -a -GfAe '/System/Library/Fonts/Supplemental/Arial Narrow Bold Italic.ttf' '/Volumes/Temp/tmp/RtmpEd8M06/fonts/Arial Narrow Bold Italic' 2>&1
    sh: line 1: 67216 Segmentation fault: 11 '/Volumes/Builds/packages/big-sur-arm64/Rlib/4.1/Rttf2pt1/exec//ttf2pt1' -a -GfAe '/System/Library/Fonts/Supplemental/Arial Narrow Bold.ttf' '/Volumes/Temp/tmp/RtmpEd8M06/fonts/Arial Narrow Bold' 2>&1
    sh: line 1: 67225 Segmentation fault: 11 '/Volumes/Builds/packages/big-sur-arm64/Rlib/4.1/Rttf2pt1/exec//ttf2pt1' -a -GfAe '/System/Library/Fonts/Supplemental/Arial Narrow Italic.ttf' '/Volumes/Temp/tmp/RtmpEd8M06/fonts/Arial Narrow Italic' 2>&1
    sh: line 1: 67239 Segmentation fault: 11 '/Volumes/Builds/packages/big-sur-arm64/Rlib/4.1/Rttf2pt1/exec//ttf2pt1' -a -GfAe '/System/Library/Fonts/Supplemental/Arial Narrow.ttf' '/Volumes/Temp/tmp/RtmpEd8M06/fonts/Arial Narrow' 2>&1
    All user-level objects in a package should have documentation entries.
    See chapter ‘Writing R documentation files’ in the ‘Writing R
    Extensions’ manual.
Flavor: r-release-macos-arm64

Version: 0.5.1
Check: for code/documentation mismatches
Result: WARN
    sh: line 1: 68499 Segmentation fault: 11 '/Volumes/Builds/packages/big-sur-arm64/Rlib/4.1/Rttf2pt1/exec//ttf2pt1' -a -GfAe '/System/Library/Fonts/Supplemental/Arial Narrow Bold Italic.ttf' '/Volumes/Temp/tmp/Rtmpn15y9t/fonts/Arial Narrow Bold Italic' 2>&1
    sh: line 1: 68511 Segmentation fault: 11 '/Volumes/Builds/packages/big-sur-arm64/Rlib/4.1/Rttf2pt1/exec//ttf2pt1' -a -GfAe '/System/Library/Fonts/Supplemental/Arial Narrow Bold.ttf' '/Volumes/Temp/tmp/Rtmpn15y9t/fonts/Arial Narrow Bold' 2>&1
    sh: line 1: 68527 Segmentation fault: 11 '/Volumes/Builds/packages/big-sur-arm64/Rlib/4.1/Rttf2pt1/exec//ttf2pt1' -a -GfAe '/System/Library/Fonts/Supplemental/Arial Narrow Italic.ttf' '/Volumes/Temp/tmp/Rtmpn15y9t/fonts/Arial Narrow Italic' 2>&1
    sh: line 1: 68540 Segmentation fault: 11 '/Volumes/Builds/packages/big-sur-arm64/Rlib/4.1/Rttf2pt1/exec//ttf2pt1' -a -GfAe '/System/Library/Fonts/Supplemental/Arial Narrow.ttf' '/Volumes/Temp/tmp/Rtmpn15y9t/fonts/Arial Narrow' 2>&1
    sh: line 1: 70090 Segmentation fault: 11 '/Volumes/Builds/packages/big-sur-arm64/Rlib/4.1/Rttf2pt1/exec//ttf2pt1' -a -GfAe '/System/Library/Fonts/Supplemental/Arial Narrow Bold Italic.ttf' '/Volumes/Temp/tmp/RtmpR8Q1jQ/fonts/Arial Narrow Bold Italic' 2>&1
    sh: line 1: 70094 Segmentation fault: 11 '/Volumes/Builds/packages/big-sur-arm64/Rlib/4.1/Rttf2pt1/exec//ttf2pt1' -a -GfAe '/System/Library/Fonts/Supplemental/Arial Narrow Bold.ttf' '/Volumes/Temp/tmp/RtmpR8Q1jQ/fonts/Arial Narrow Bold' 2>&1
    sh: line 1: 70101 Segmentation fault: 11 '/Volumes/Builds/packages/big-sur-arm64/Rlib/4.1/Rttf2pt1/exec//ttf2pt1' -a -GfAe '/System/Library/Fonts/Supplemental/Arial Narrow Italic.ttf' '/Volumes/Temp/tmp/RtmpR8Q1jQ/fonts/Arial Narrow Italic' 2>&1
    sh: line 1: 70109 Segmentation fault: 11 '/Volumes/Builds/packages/big-sur-arm64/Rlib/4.1/Rttf2pt1/exec//ttf2pt1' -a -GfAe '/System/Library/Fonts/Supplemental/Arial Narrow.ttf' '/Volumes/Temp/tmp/RtmpR8Q1jQ/fonts/Arial Narrow' 2>&1
    sh: line 1: 71489 Segmentation fault: 11 '/Volumes/Builds/packages/big-sur-arm64/Rlib/4.1/Rttf2pt1/exec//ttf2pt1' -a -GfAe '/System/Library/Fonts/Supplemental/Arial Narrow Bold Italic.ttf' '/Volumes/Temp/tmp/RtmpTpkArV/fonts/Arial Narrow Bold Italic' 2>&1
    sh: line 1: 71503 Segmentation fault: 11 '/Volumes/Builds/packages/big-sur-arm64/Rlib/4.1/Rttf2pt1/exec//ttf2pt1' -a -GfAe '/System/Library/Fonts/Supplemental/Arial Narrow Bold.ttf' '/Volumes/Temp/tmp/RtmpTpkArV/fonts/Arial Narrow Bold' 2>&1
    sh: line 1: 71513 Segmentation fault: 11 '/Volumes/Builds/packages/big-sur-arm64/Rlib/4.1/Rttf2pt1/exec//ttf2pt1' -a -GfAe '/System/Library/Fonts/Supplemental/Arial Narrow Italic.ttf' '/Volumes/Temp/tmp/RtmpTpkArV/fonts/Arial Narrow Italic' 2>&1
    sh: line 1: 71516 Segmentation fault: 11 '/Volumes/Builds/packages/big-sur-arm64/Rlib/4.1/Rttf2pt1/exec//ttf2pt1' -a -GfAe '/System/Library/Fonts/Supplemental/Arial Narrow.ttf' '/Volumes/Temp/tmp/RtmpTpkArV/fonts/Arial Narrow' 2>&1
Flavor: r-release-macos-arm64

Version: 0.5.1
Check: Rd \usage sections
Result: NOTE
    sh: line 1: 73398 Segmentation fault: 11 '/Volumes/Builds/packages/big-sur-arm64/Rlib/4.1/Rttf2pt1/exec//ttf2pt1' -a -GfAe '/System/Library/Fonts/Supplemental/Arial Narrow Bold Italic.ttf' '/Volumes/Temp/tmp/RtmpuBVN7k/fonts/Arial Narrow Bold Italic' 2>&1
    sh: line 1: 73413 Segmentation fault: 11 '/Volumes/Builds/packages/big-sur-arm64/Rlib/4.1/Rttf2pt1/exec//ttf2pt1' -a -GfAe '/System/Library/Fonts/Supplemental/Arial Narrow Bold.ttf' '/Volumes/Temp/tmp/RtmpuBVN7k/fonts/Arial Narrow Bold' 2>&1
    sh: line 1: 73430 Segmentation fault: 11 '/Volumes/Builds/packages/big-sur-arm64/Rlib/4.1/Rttf2pt1/exec//ttf2pt1' -a -GfAe '/System/Library/Fonts/Supplemental/Arial Narrow Italic.ttf' '/Volumes/Temp/tmp/RtmpuBVN7k/fonts/Arial Narrow Italic' 2>&1
    sh: line 1: 73451 Segmentation fault: 11 '/Volumes/Builds/packages/big-sur-arm64/Rlib/4.1/Rttf2pt1/exec//ttf2pt1' -a -GfAe '/System/Library/Fonts/Supplemental/Arial Narrow.ttf' '/Volumes/Temp/tmp/RtmpuBVN7k/fonts/Arial Narrow' 2>&1
    The \usage entries for S3 methods should use the \method markup and not
    their full name.
    See chapter ‘Writing R documentation files’ in the ‘Writing R
    Extensions’ manual.
Flavor: r-release-macos-arm64