CRAN Package Check Results for Package dlbayes

Last updated on 2021-11-01 00:49:36 CET.

Flavor Version Tinstall Tcheck Ttotal Status Flags
r-devel-linux-x86_64-debian-clang 0.1.0 2.28 44.65 46.93 NOTE
r-devel-linux-x86_64-debian-gcc 0.1.0 1.63 33.24 34.87 NOTE
r-devel-linux-x86_64-fedora-clang 0.1.0 66.32 NOTE
r-devel-linux-x86_64-fedora-gcc 0.1.0 55.61 NOTE
r-devel-windows-x86_64 0.1.0 4.00 66.00 70.00 NOTE
r-devel-windows-x86_64-gcc10-UCRT 0.1.0 NOTE
r-patched-linux-x86_64 0.1.0 2.32 42.74 45.06 NOTE
r-patched-solaris-x86 0.1.0 81.70 NOTE
r-release-linux-x86_64 0.1.0 2.04 42.65 44.69 NOTE
r-release-macos-arm64 0.1.0 NOTE
r-release-macos-x86_64 0.1.0 NOTE
r-release-windows-ix86+x86_64 0.1.0 4.00 48.00 52.00 NOTE
r-oldrel-macos-x86_64 0.1.0 OK
r-oldrel-windows-ix86+x86_64 0.1.0 4.00 69.00 73.00 OK

Check Details

Version: 0.1.0
Check: LazyData
Result: NOTE
     'LazyData' is specified without a 'data' directory
Flavors: r-devel-linux-x86_64-debian-clang, r-devel-linux-x86_64-debian-gcc, r-devel-linux-x86_64-fedora-clang, r-devel-linux-x86_64-fedora-gcc, r-devel-windows-x86_64, r-devel-windows-x86_64-gcc10-UCRT, r-patched-linux-x86_64, r-patched-solaris-x86, r-release-linux-x86_64, r-release-macos-arm64, r-release-macos-x86_64, r-release-windows-ix86+x86_64