Last updated on 2021-11-01 00:49:36 CET.
Flavor | Version | Tinstall | Tcheck | Ttotal | Status | Flags |
---|---|---|---|---|---|---|
r-devel-linux-x86_64-debian-clang | 0.1.3 | 4.00 | 70.93 | 74.93 | NOTE | |
r-devel-linux-x86_64-debian-gcc | 0.1.3 | 3.03 | 53.62 | 56.65 | NOTE | |
r-devel-linux-x86_64-fedora-clang | 0.1.3 | 99.64 | NOTE | |||
r-devel-linux-x86_64-fedora-gcc | 0.1.3 | 86.90 | NOTE | |||
r-devel-windows-x86_64 | 0.1.3 | 5.00 | 118.00 | 123.00 | NOTE | |
r-devel-windows-x86_64-gcc10-UCRT | 0.1.3 | NOTE | ||||
r-patched-linux-x86_64 | 0.1.3 | 3.72 | 68.22 | 71.94 | NOTE | |
r-patched-solaris-x86 | 0.1.3 | 120.40 | NOTE | |||
r-release-linux-x86_64 | 0.1.3 | 3.84 | 68.58 | 72.42 | NOTE | |
r-release-macos-arm64 | 0.1.3 | NOTE | ||||
r-release-macos-x86_64 | 0.1.3 | NOTE | ||||
r-release-windows-ix86+x86_64 | 0.1.3 | 6.00 | 86.00 | 92.00 | NOTE | |
r-oldrel-macos-x86_64 | 0.1.3 | OK | ||||
r-oldrel-windows-ix86+x86_64 | 0.1.3 | 6.00 | 120.00 | 126.00 | OK |
Version: 0.1.3
Check: LazyData
Result: NOTE
'LazyData' is specified without a 'data' directory
Flavors: r-devel-linux-x86_64-debian-clang, r-devel-linux-x86_64-debian-gcc, r-devel-linux-x86_64-fedora-clang, r-devel-linux-x86_64-fedora-gcc, r-devel-windows-x86_64, r-devel-windows-x86_64-gcc10-UCRT, r-patched-linux-x86_64, r-patched-solaris-x86, r-release-linux-x86_64, r-release-macos-arm64, r-release-macos-x86_64, r-release-windows-ix86+x86_64