CRAN Package Check Results for Package diversitree

Last updated on 2021-11-01 00:49:36 CET.

Flavor Version Tinstall Tcheck Ttotal Status Flags
r-devel-linux-x86_64-debian-clang 0.9-16 74.30 118.48 192.78 OK
r-devel-linux-x86_64-debian-gcc 0.9-16 58.62 86.83 145.45 OK
r-devel-linux-x86_64-fedora-clang 0.9-16 271.90 NOTE
r-devel-linux-x86_64-fedora-gcc 0.9-16 246.67 OK
r-devel-windows-x86_64 0.9-16 110.00 144.00 254.00 OK
r-devel-windows-x86_64-gcc10-UCRT 0.9-16 OK
r-patched-linux-x86_64 0.9-16 70.36 115.96 186.32 OK
r-patched-solaris-x86 0.9-16 255.70 OK
r-release-linux-x86_64 0.9-16 69.15 114.54 183.69 OK
r-release-macos-arm64 0.9-16 NOTE
r-release-macos-x86_64 0.9-16 NOTE
r-release-windows-ix86+x86_64 0.9-16 144.00 136.00 280.00 NOTE
r-oldrel-macos-x86_64 0.9-16 NOTE
r-oldrel-windows-ix86+x86_64 0.9-16 134.00 174.00 308.00 NOTE

Check Details

Version: 0.9-16
Check: installed package size
Result: NOTE
     installed size is 6.1Mb
     sub-directories of 1Mb or more:
     libs 4.8Mb
Flavors: r-devel-linux-x86_64-fedora-clang, r-release-macos-arm64, r-release-macos-x86_64, r-release-windows-ix86+x86_64, r-oldrel-macos-x86_64, r-oldrel-windows-ix86+x86_64