CRAN Package Check Results for Package diveRsity

Last updated on 2021-11-01 00:49:36 CET.

Flavor Version Tinstall Tcheck Ttotal Status Flags
r-devel-linux-x86_64-debian-clang 1.9.90 142.12 181.58 323.70 NOTE
r-devel-linux-x86_64-debian-gcc 1.9.90 108.73 135.51 244.24 NOTE
r-devel-linux-x86_64-fedora-clang 1.9.90 485.56 NOTE
r-devel-linux-x86_64-fedora-gcc 1.9.90 424.78 NOTE
r-devel-windows-x86_64 1.9.90 194.00 216.00 410.00 OK
r-devel-windows-x86_64-gcc10-UCRT 1.9.90 FAIL
r-patched-linux-x86_64 1.9.90 132.18 170.47 302.65 NOTE
r-patched-solaris-x86 1.9.90 459.10 NOTE
r-release-linux-x86_64 1.9.90 130.61 171.78 302.39 NOTE
r-release-macos-arm64 1.9.90 NOTE
r-release-macos-x86_64 1.9.90 NOTE
r-release-windows-ix86+x86_64 1.9.90 250.00 201.00 451.00 OK
r-oldrel-macos-x86_64 1.9.90 NOTE
r-oldrel-windows-ix86+x86_64 1.9.90 275.00 277.00 552.00 OK

Check Details

Version: 1.9.90
Check: package dependencies
Result: NOTE
    Packages suggested but not available for checking: 'sendplot', 'HWxtest'
Flavors: r-devel-linux-x86_64-debian-clang, r-devel-linux-x86_64-debian-gcc, r-devel-linux-x86_64-fedora-clang, r-devel-linux-x86_64-fedora-gcc, r-devel-windows-x86_64-gcc10-UCRT, r-patched-linux-x86_64, r-patched-solaris-x86, r-release-linux-x86_64, r-release-macos-arm64, r-release-macos-x86_64, r-oldrel-macos-x86_64

Version: 1.9.90
Check: installed package size
Result: NOTE
     installed size is 5.8Mb
     sub-directories of 1Mb or more:
     libs 4.3Mb
Flavors: r-devel-linux-x86_64-fedora-clang, r-release-macos-arm64

Version: 1.9.90
Check: re-building of vignette outputs
Result: FAIL
Flavor: r-devel-windows-x86_64-gcc10-UCRT