Last updated on 2021-11-01 00:49:36 CET.
Flavor | Version | Tinstall | Tcheck | Ttotal | Status | Flags |
---|---|---|---|---|---|---|
r-devel-linux-x86_64-debian-clang | 2.8.0 | 37.52 | 225.32 | 262.84 | OK | |
r-devel-linux-x86_64-debian-gcc | 2.8.0 | 27.87 | 166.00 | 193.87 | OK | |
r-devel-linux-x86_64-fedora-clang | 2.8.0 | 254.48 | NOTE | |||
r-devel-linux-x86_64-fedora-gcc | 2.8.0 | 240.36 | OK | |||
r-devel-windows-x86_64 | 2.8.0 | 58.00 | 311.00 | 369.00 | OK | |
r-devel-windows-x86_64-gcc10-UCRT | 2.8.0 | OK | ||||
r-patched-linux-x86_64 | 2.8.0 | 37.68 | 219.13 | 256.81 | OK | |
r-patched-solaris-x86 | 2.8.0 | 296.50 | OK | |||
r-release-linux-x86_64 | 2.8.0 | 33.03 | 219.38 | 252.41 | OK | |
r-release-macos-arm64 | 2.8.0 | OK | ||||
r-release-macos-x86_64 | 2.8.0 | OK | ||||
r-release-windows-ix86+x86_64 | 2.8.0 | 46.00 | 333.00 | 379.00 | OK | |
r-oldrel-macos-x86_64 | 2.8.0 | OK | ||||
r-oldrel-windows-ix86+x86_64 | 2.8.0 | 40.00 | 436.00 | 476.00 | OK |
Version: 2.8.0
Check: Rd cross-references
Result: NOTE
Undeclared packages ‘distrMod’, ‘RobAStBase’ in Rd xrefs
Flavor: r-devel-linux-x86_64-fedora-clang