CRAN Package Check Results for Package disparityfilter

Last updated on 2021-11-01 00:49:36 CET.

Flavor Version Tinstall Tcheck Ttotal Status Flags
r-devel-linux-x86_64-debian-clang 2.2.3 2.02 31.64 33.66 NOTE
r-devel-linux-x86_64-debian-gcc 2.2.3 1.85 24.61 26.46 NOTE
r-devel-linux-x86_64-fedora-clang 2.2.3 52.43 NOTE
r-devel-linux-x86_64-fedora-gcc 2.2.3 40.80 NOTE
r-devel-windows-x86_64 2.2.3 4.00 61.00 65.00 NOTE
r-devel-windows-x86_64-gcc10-UCRT 2.2.3 NOTE
r-patched-linux-x86_64 2.2.3 1.97 30.72 32.69 NOTE
r-patched-solaris-x86 2.2.3 67.80 NOTE
r-release-linux-x86_64 2.2.3 2.27 30.61 32.88 NOTE
r-release-macos-arm64 2.2.3 NOTE
r-release-macos-x86_64 2.2.3 NOTE
r-release-windows-ix86+x86_64 2.2.3 4.00 39.00 43.00 NOTE
r-oldrel-macos-x86_64 2.2.3 OK
r-oldrel-windows-ix86+x86_64 2.2.3 4.00 56.00 60.00 OK

Check Details

Version: 2.2.3
Check: LazyData
Result: NOTE
     'LazyData' is specified without a 'data' directory
Flavors: r-devel-linux-x86_64-debian-clang, r-devel-linux-x86_64-debian-gcc, r-devel-linux-x86_64-fedora-clang, r-devel-linux-x86_64-fedora-gcc, r-devel-windows-x86_64, r-devel-windows-x86_64-gcc10-UCRT, r-patched-linux-x86_64, r-patched-solaris-x86, r-release-linux-x86_64, r-release-macos-arm64, r-release-macos-x86_64, r-release-windows-ix86+x86_64