Last updated on 2021-11-01 00:49:36 CET.
Flavor | Version | Tinstall | Tcheck | Ttotal | Status | Flags |
---|---|---|---|---|---|---|
r-devel-linux-x86_64-debian-clang | 0.1.3 | 7.51 | 117.06 | 124.57 | OK | |
r-devel-linux-x86_64-debian-gcc | 0.1.3 | 6.68 | 87.47 | 94.15 | OK | |
r-devel-linux-x86_64-fedora-clang | 0.1.3 | 157.98 | NOTE | |||
r-devel-linux-x86_64-fedora-gcc | 0.1.3 | 154.36 | NOTE | |||
r-devel-windows-x86_64 | 0.1.3 | 12.00 | 141.00 | 153.00 | OK | |
r-devel-windows-x86_64-gcc10-UCRT | 0.1.3 | NOTE | ||||
r-patched-linux-x86_64 | 0.1.3 | 14.63 | 109.77 | 124.40 | OK | |
r-patched-solaris-x86 | 0.1.3 | 188.90 | NOTE | |||
r-release-linux-x86_64 | 0.1.3 | 7.69 | 109.71 | 117.40 | OK | |
r-release-macos-arm64 | 0.1.3 | NOTE | ||||
r-release-macos-x86_64 | 0.1.3 | NOTE | ||||
r-release-windows-ix86+x86_64 | 0.1.3 | 14.00 | 106.00 | 120.00 | OK | |
r-oldrel-macos-x86_64 | 0.1.3 | NOTE | ||||
r-oldrel-windows-ix86+x86_64 | 0.1.3 | 13.00 | 151.00 | 164.00 | OK |
Version: 0.1.3
Check: dependencies in R code
Result: NOTE
Namespace in Imports field not imported from: ‘utils’
All declared Imports should be used.
Flavors: r-devel-linux-x86_64-fedora-clang, r-devel-linux-x86_64-fedora-gcc, r-devel-windows-x86_64-gcc10-UCRT, r-patched-solaris-x86, r-release-macos-arm64, r-release-macos-x86_64, r-oldrel-macos-x86_64