Last updated on 2021-11-01 00:49:36 CET.
Flavor | Version | Tinstall | Tcheck | Ttotal | Status | Flags |
---|---|---|---|---|---|---|
r-devel-linux-x86_64-debian-clang | 1.5 | 2.09 | 19.17 | 21.26 | NOTE | |
r-devel-linux-x86_64-debian-gcc | 1.5 | 1.63 | 15.35 | 16.98 | NOTE | |
r-devel-linux-x86_64-fedora-clang | 1.5 | 37.49 | NOTE | |||
r-devel-linux-x86_64-fedora-gcc | 1.5 | 26.38 | NOTE | |||
r-devel-windows-x86_64 | 1.5 | 4.00 | 56.00 | 60.00 | NOTE | |
r-devel-windows-x86_64-gcc10-UCRT | 1.5 | NOTE | ||||
r-patched-linux-x86_64 | 1.5 | 1.73 | 18.80 | 20.53 | NOTE | |
r-patched-solaris-x86 | 1.5 | 41.00 | NOTE | |||
r-release-linux-x86_64 | 1.5 | 1.89 | 18.87 | 20.76 | NOTE | |
r-release-macos-arm64 | 1.5 | NOTE | ||||
r-release-macos-x86_64 | 1.5 | NOTE | ||||
r-release-windows-ix86+x86_64 | 1.5 | 5.00 | 26.00 | 31.00 | NOTE | |
r-oldrel-macos-x86_64 | 1.5 | NOTE | ||||
r-oldrel-windows-ix86+x86_64 | 1.5 | 4.00 | 25.00 | 29.00 | NOTE |
Version: 1.5
Check: DESCRIPTION meta-information
Result: NOTE
Malformed Description field: should contain one or more complete sentences.
Flavors: r-devel-linux-x86_64-debian-clang, r-devel-linux-x86_64-debian-gcc, r-devel-linux-x86_64-fedora-clang, r-devel-linux-x86_64-fedora-gcc, r-devel-windows-x86_64, r-devel-windows-x86_64-gcc10-UCRT, r-patched-linux-x86_64, r-patched-solaris-x86, r-release-linux-x86_64, r-release-macos-arm64, r-release-macos-x86_64, r-release-windows-ix86+x86_64, r-oldrel-macos-x86_64, r-oldrel-windows-ix86+x86_64
Version: 1.5
Check: R code for possible problems
Result: NOTE
rdisclap: no visible global function definition for 'runif'
Undefined global functions or variables:
runif
Consider adding
importFrom("stats", "runif")
to your NAMESPACE file.
Flavors: r-devel-linux-x86_64-debian-clang, r-devel-linux-x86_64-debian-gcc, r-devel-linux-x86_64-fedora-clang, r-devel-linux-x86_64-fedora-gcc, r-devel-windows-x86_64, r-devel-windows-x86_64-gcc10-UCRT, r-patched-linux-x86_64, r-patched-solaris-x86, r-release-linux-x86_64, r-release-macos-arm64, r-release-macos-x86_64, r-release-windows-ix86+x86_64, r-oldrel-macos-x86_64, r-oldrel-windows-ix86+x86_64