Last updated on 2021-11-01 00:49:36 CET.
Flavor | Version | Tinstall | Tcheck | Ttotal | Status | Flags |
---|---|---|---|---|---|---|
r-devel-linux-x86_64-debian-clang | 0.2.0 | 2.75 | 25.59 | 28.34 | NOTE | |
r-devel-linux-x86_64-debian-gcc | 0.2.0 | 1.72 | 20.53 | 22.25 | NOTE | |
r-devel-linux-x86_64-fedora-clang | 0.2.0 | 45.52 | NOTE | |||
r-devel-linux-x86_64-fedora-gcc | 0.2.0 | 34.78 | NOTE | |||
r-devel-windows-x86_64 | 0.2.0 | 5.00 | 44.00 | 49.00 | NOTE | |
r-devel-windows-x86_64-gcc10-UCRT | 0.2.0 | NOTE | ||||
r-patched-linux-x86_64 | 0.2.0 | 2.96 | 24.83 | 27.79 | NOTE | |
r-patched-solaris-x86 | 0.2.0 | 55.10 | NOTE | |||
r-release-linux-x86_64 | 0.2.0 | 2.47 | 25.10 | 27.57 | NOTE | |
r-release-macos-arm64 | 0.2.0 | NOTE | ||||
r-release-macos-x86_64 | 0.2.0 | NOTE | ||||
r-release-windows-ix86+x86_64 | 0.2.0 | 5.00 | 32.00 | 37.00 | NOTE | |
r-oldrel-macos-x86_64 | 0.2.0 | OK | ||||
r-oldrel-windows-ix86+x86_64 | 0.2.0 | 5.00 | 44.00 | 49.00 | OK |
Version: 0.2.0
Check: LazyData
Result: NOTE
'LazyData' is specified without a 'data' directory
Flavors: r-devel-linux-x86_64-debian-clang, r-devel-linux-x86_64-debian-gcc, r-devel-linux-x86_64-fedora-clang, r-devel-linux-x86_64-fedora-gcc, r-devel-windows-x86_64, r-devel-windows-x86_64-gcc10-UCRT, r-patched-linux-x86_64, r-patched-solaris-x86, r-release-linux-x86_64, r-release-macos-arm64, r-release-macos-x86_64, r-release-windows-ix86+x86_64