Last updated on 2021-11-01 00:49:36 CET.
Flavor | Version | Tinstall | Tcheck | Ttotal | Status | Flags |
---|---|---|---|---|---|---|
r-devel-linux-x86_64-debian-clang | 0.1.3-4 | 2.64 | 27.76 | 30.40 | NOTE | |
r-devel-linux-x86_64-debian-gcc | 0.1.3-4 | 2.37 | 21.07 | 23.44 | NOTE | |
r-devel-linux-x86_64-fedora-clang | 0.1.3-4 | 47.81 | NOTE | |||
r-devel-linux-x86_64-fedora-gcc | 0.1.3-4 | 37.16 | NOTE | |||
r-devel-windows-x86_64 | 0.1.3-4 | 5.00 | 43.00 | 48.00 | NOTE | |
r-devel-windows-x86_64-gcc10-UCRT | 0.1.3-4 | NOTE | ||||
r-patched-linux-x86_64 | 0.1.3-4 | 2.86 | 27.24 | 30.10 | NOTE | |
r-patched-solaris-x86 | 0.1.3-4 | 54.60 | NOTE | |||
r-release-linux-x86_64 | 0.1.3-4 | 2.30 | 27.07 | 29.37 | NOTE | |
r-release-macos-arm64 | 0.1.3-4 | NOTE | ||||
r-release-macos-x86_64 | 0.1.3-4 | NOTE | ||||
r-release-windows-ix86+x86_64 | 0.1.3-4 | 6.00 | 34.00 | 40.00 | NOTE | |
r-oldrel-macos-x86_64 | 0.1.3-4 | NOTE | ||||
r-oldrel-windows-ix86+x86_64 | 0.1.3-4 | 4.00 | 32.00 | 36.00 | NOTE |
Version: 0.1.3-4
Check: DESCRIPTION meta-information
Result: NOTE
Malformed Title field: should not end in a period.
Flavors: r-devel-linux-x86_64-debian-clang, r-devel-linux-x86_64-debian-gcc, r-devel-linux-x86_64-fedora-clang, r-devel-linux-x86_64-fedora-gcc, r-devel-windows-x86_64, r-devel-windows-x86_64-gcc10-UCRT, r-patched-linux-x86_64, r-patched-solaris-x86, r-release-linux-x86_64, r-release-macos-arm64, r-release-macos-x86_64, r-release-windows-ix86+x86_64, r-oldrel-macos-x86_64, r-oldrel-windows-ix86+x86_64
Version: 0.1.3-4
Check: top-level files
Result: NOTE
Non-standard file/directory found at top level:
'dirmult.pdf'
Flavors: r-devel-linux-x86_64-debian-clang, r-devel-linux-x86_64-debian-gcc, r-devel-linux-x86_64-fedora-clang, r-devel-linux-x86_64-fedora-gcc, r-patched-linux-x86_64, r-release-linux-x86_64
Version: 0.1.3-4
Check: R code for possible problems
Result: NOTE
nullTest: no visible global function definition for 'rmultinom'
rdirichlet: no visible global function definition for 'rgamma'
simPop: no visible global function definition for 'rnorm'
simPop: no visible global function definition for 'rmultinom'
Undefined global functions or variables:
rgamma rmultinom rnorm
Consider adding
importFrom("stats", "rgamma", "rmultinom", "rnorm")
to your NAMESPACE file.
Flavors: r-devel-linux-x86_64-debian-clang, r-devel-linux-x86_64-debian-gcc, r-devel-linux-x86_64-fedora-clang, r-devel-linux-x86_64-fedora-gcc, r-devel-windows-x86_64, r-devel-windows-x86_64-gcc10-UCRT, r-patched-linux-x86_64, r-patched-solaris-x86, r-release-linux-x86_64, r-release-macos-arm64, r-release-macos-x86_64, r-release-windows-ix86+x86_64, r-oldrel-macos-x86_64, r-oldrel-windows-ix86+x86_64