Last updated on 2021-11-01 00:49:36 CET.
Flavor | Version | Tinstall | Tcheck | Ttotal | Status | Flags |
---|---|---|---|---|---|---|
r-devel-linux-x86_64-debian-clang | 0.76-0 | 2.64 | 39.88 | 42.52 | OK | |
r-devel-linux-x86_64-debian-gcc | 0.76-0 | 2.16 | 31.01 | 33.17 | OK | |
r-devel-linux-x86_64-fedora-clang | 0.76-0 | 64.86 | OK | |||
r-devel-linux-x86_64-fedora-gcc | 0.76-0 | 54.70 | OK | |||
r-devel-windows-x86_64 | 0.76-0 | 6.00 | 72.00 | 78.00 | OK | |
r-devel-windows-x86_64-gcc10-UCRT | 0.76-0 | OK | ||||
r-patched-linux-x86_64 | 0.76-0 | 3.01 | 39.04 | 42.05 | OK | |
r-patched-solaris-x86 | 0.76-0 | 82.40 | OK | |||
r-release-linux-x86_64 | 0.76-0 | 2.48 | 39.23 | 41.71 | OK | |
r-release-macos-arm64 | 0.76-0 | OK | ||||
r-release-macos-x86_64 | 0.76-0 | OK | ||||
r-release-windows-ix86+x86_64 | 0.76-0 | 9.00 | 65.00 | 74.00 | OK | |
r-oldrel-macos-x86_64 | 0.76-0 | NOTE | ||||
r-oldrel-windows-ix86+x86_64 | 0.76-0 | 6.00 | 64.00 | 70.00 | NOTE |
Version: 0.76-0
Check: contents of ‘data’ directory
Result: NOTE
Output for data("exHartigan", package = "diptest"):
'exHartigan' data is identical to 'statfaculty' and hence deprecated.
Use the 'statfaculty' instead
Flavors: r-oldrel-macos-x86_64, r-oldrel-windows-ix86+x86_64