CRAN Package Check Results for Package diffusr

Last updated on 2021-11-01 00:49:36 CET.

Flavor Version Tinstall Tcheck Ttotal Status Flags
r-devel-linux-x86_64-debian-clang 0.1.4 65.86 39.49 105.35 NOTE
r-devel-linux-x86_64-debian-gcc 0.1.4 45.95 32.16 78.11 NOTE
r-devel-linux-x86_64-fedora-clang 0.1.4 164.16 NOTE
r-devel-linux-x86_64-fedora-gcc 0.1.4 132.21 NOTE
r-devel-windows-x86_64 0.1.4 80.00 75.00 155.00 NOTE
r-devel-windows-x86_64-gcc10-UCRT 0.1.4 NOTE
r-patched-linux-x86_64 0.1.4 50.30 39.34 89.64 NOTE
r-patched-solaris-x86 0.1.4 142.40 NOTE
r-release-linux-x86_64 0.1.4 51.96 39.67 91.63 NOTE
r-release-macos-arm64 0.1.4 NOTE
r-release-macos-x86_64 0.1.4 NOTE
r-release-windows-ix86+x86_64 0.1.4 110.00 72.00 182.00 NOTE
r-oldrel-macos-x86_64 0.1.4 NOTE
r-oldrel-windows-ix86+x86_64 0.1.4 107.00 92.00 199.00 OK

Check Details

Version: 0.1.4
Check: LazyData
Result: NOTE
     'LazyData' is specified without a 'data' directory
Flavors: r-devel-linux-x86_64-debian-clang, r-devel-linux-x86_64-debian-gcc, r-devel-linux-x86_64-fedora-clang, r-devel-linux-x86_64-fedora-gcc, r-devel-windows-x86_64, r-devel-windows-x86_64-gcc10-UCRT, r-patched-linux-x86_64, r-patched-solaris-x86, r-release-linux-x86_64, r-release-macos-arm64, r-release-macos-x86_64, r-release-windows-ix86+x86_64

Version: 0.1.4
Check: installed package size
Result: NOTE
     installed size is 10.2Mb
     sub-directories of 1Mb or more:
     libs 9.3Mb
Flavors: r-devel-linux-x86_64-fedora-clang, r-release-macos-arm64, r-release-macos-x86_64, r-oldrel-macos-x86_64

Version: 0.1.4
Check: dependencies in R code
Result: NOTE
    Namespace in Imports field not imported from: ‘methods’
     All declared Imports should be used.
Flavors: r-devel-linux-x86_64-fedora-clang, r-devel-linux-x86_64-fedora-gcc, r-devel-windows-x86_64-gcc10-UCRT, r-patched-solaris-x86, r-release-macos-arm64, r-release-macos-x86_64, r-oldrel-macos-x86_64