CRAN Package Check Results for Package dialectR

Last updated on 2021-11-01 00:49:36 CET.

Flavor Version Tinstall Tcheck Ttotal Status Flags
r-devel-linux-x86_64-debian-clang 1.0 55.90 94.87 150.77 OK
r-devel-linux-x86_64-debian-gcc 1.0 45.61 73.39 119.00 OK
r-devel-linux-x86_64-fedora-clang 1.0 227.41 NOTE
r-devel-linux-x86_64-fedora-gcc 1.0 199.26 NOTE
r-devel-windows-x86_64 1.0 82.00 135.00 217.00 OK
r-devel-windows-x86_64-gcc10-UCRT 1.0 NOTE
r-patched-linux-x86_64 1.0 57.06 92.00 149.06 OK
r-patched-solaris-x86 1.0 238.90 NOTE
r-release-linux-x86_64 1.0 56.52 92.51 149.03 OK
r-release-macos-arm64 1.0 NOTE
r-release-macos-x86_64 1.0 NOTE
r-release-windows-ix86+x86_64 1.0 106.00 152.00 258.00 NOTE
r-oldrel-macos-x86_64 1.0 NOTE
r-oldrel-windows-ix86+x86_64 1.0 108.00 196.00 304.00 NOTE

Check Details

Version: 1.0
Check: data for non-ASCII characters
Result: NOTE
     Note: found 294851 marked UTF-8 strings
Flavors: r-devel-linux-x86_64-fedora-clang, r-devel-linux-x86_64-fedora-gcc, r-devel-windows-x86_64-gcc10-UCRT, r-patched-solaris-x86, r-release-macos-arm64, r-release-macos-x86_64, r-oldrel-macos-x86_64

Version: 1.0
Check: installed package size
Result: NOTE
     installed size is 5.0Mb
     sub-directories of 1Mb or more:
     data 2.4Mb
     libs 2.2Mb
Flavors: r-release-macos-arm64, r-release-windows-ix86+x86_64, r-oldrel-windows-ix86+x86_64