Last updated on 2021-11-01 00:49:36 CET.
Flavor | Version | Tinstall | Tcheck | Ttotal | Status | Flags |
---|---|---|---|---|---|---|
r-devel-linux-x86_64-debian-clang | 0.1.5 | 57.15 | 70.38 | 127.53 | OK | |
r-devel-linux-x86_64-debian-gcc | 0.1.5 | 42.24 | 52.82 | 95.06 | OK | |
r-devel-linux-x86_64-fedora-clang | 0.1.5 | 188.26 | OK | |||
r-devel-linux-x86_64-fedora-gcc | 0.1.5 | 162.31 | OK | |||
r-devel-windows-x86_64 | 0.1.5 | 76.00 | 110.00 | 186.00 | OK | |
r-devel-windows-x86_64-gcc10-UCRT | 0.1.5 | OK | ||||
r-patched-linux-x86_64 | 0.1.5 | 51.85 | 64.78 | 116.63 | OK | |
r-patched-solaris-x86 | 0.1.5 | 155.70 | OK | |||
r-release-linux-x86_64 | 0.1.5 | 50.13 | 64.45 | 114.58 | OK | |
r-release-macos-arm64 | 0.1.5 | NOTE | ||||
r-release-macos-x86_64 | 0.1.5 | OK | ||||
r-release-windows-ix86+x86_64 | 0.1.5 | 100.00 | 106.00 | 206.00 | OK | |
r-oldrel-macos-x86_64 | 0.1.5 | OK | ||||
r-oldrel-windows-ix86+x86_64 | 0.1.5 | 111.00 | 136.00 | 247.00 | OK |
Version: 0.1.5
Check: installed package size
Result: NOTE
installed size is 5.0Mb
sub-directories of 1Mb or more:
doc 2.2Mb
libs 2.7Mb
Flavor: r-release-macos-arm64