CRAN Package Check Results for Package densitr

Last updated on 2021-11-01 00:49:36 CET.

Flavor Version Tinstall Tcheck Ttotal Status Flags
r-devel-linux-x86_64-debian-clang 0.1.0 3.56 235.34 238.90 NOTE
r-devel-linux-x86_64-debian-gcc 0.1.0 2.75 190.09 192.84 NOTE
r-devel-linux-x86_64-fedora-clang 0.1.0 297.25 NOTE
r-devel-linux-x86_64-fedora-gcc 0.1.0 283.95 NOTE
r-devel-windows-x86_64 0.1.0 6.00 289.00 295.00 NOTE
r-devel-windows-x86_64-gcc10-UCRT 0.1.0 NOTE
r-patched-linux-x86_64 0.1.0 2.96 237.53 240.49 NOTE
r-patched-solaris-x86 0.1.0 193.10 NOTE
r-release-linux-x86_64 0.1.0 3.35 233.23 236.58 NOTE
r-release-macos-arm64 0.1.0 NOTE
r-release-macos-x86_64 0.1.0 NOTE
r-release-windows-ix86+x86_64 0.1.0 5.00 248.00 253.00 NOTE
r-oldrel-macos-x86_64 0.1.0 OK
r-oldrel-windows-ix86+x86_64 0.1.0 5.00 286.00 291.00 OK

Check Details

Version: 0.1.0
Check: LazyData
Result: NOTE
     'LazyData' is specified without a 'data' directory
Flavors: r-devel-linux-x86_64-debian-clang, r-devel-linux-x86_64-debian-gcc, r-devel-linux-x86_64-fedora-clang, r-devel-linux-x86_64-fedora-gcc, r-devel-windows-x86_64, r-devel-windows-x86_64-gcc10-UCRT, r-patched-linux-x86_64, r-patched-solaris-x86, r-release-linux-x86_64, r-release-macos-arm64, r-release-macos-x86_64, r-release-windows-ix86+x86_64