CRAN Package Check Results for Package datapasta

Last updated on 2021-11-01 00:49:35 CET.

Flavor Version Tinstall Tcheck Ttotal Status Flags
r-devel-linux-x86_64-debian-clang 3.1.0 3.41 29.97 33.38 NOTE
r-devel-linux-x86_64-debian-gcc 3.1.0 2.83 23.99 26.82 NOTE
r-devel-linux-x86_64-fedora-clang 3.1.0 52.29 NOTE
r-devel-linux-x86_64-fedora-gcc 3.1.0 40.20 NOTE
r-devel-windows-x86_64 3.1.0 5.00 53.00 58.00 NOTE
r-devel-windows-x86_64-gcc10-UCRT 3.1.0 NOTE
r-patched-linux-x86_64 3.1.0 3.80 30.22 34.02 NOTE
r-patched-solaris-x86 3.1.0 59.70 NOTE
r-release-linux-x86_64 3.1.0 3.02 30.21 33.23 NOTE
r-release-macos-arm64 3.1.0 NOTE
r-release-macos-x86_64 3.1.0 NOTE
r-release-windows-ix86+x86_64 3.1.0 6.00 39.00 45.00 NOTE
r-oldrel-macos-x86_64 3.1.0 OK
r-oldrel-windows-ix86+x86_64 3.1.0 6.00 48.00 54.00 OK

Check Details

Version: 3.1.0
Check: LazyData
Result: NOTE
     'LazyData' is specified without a 'data' directory
Flavors: r-devel-linux-x86_64-debian-clang, r-devel-linux-x86_64-debian-gcc, r-devel-linux-x86_64-fedora-clang, r-devel-linux-x86_64-fedora-gcc, r-devel-windows-x86_64, r-devel-windows-x86_64-gcc10-UCRT, r-patched-linux-x86_64, r-patched-solaris-x86, r-release-linux-x86_64, r-release-macos-arm64, r-release-macos-x86_64, r-release-windows-ix86+x86_64