CRAN Package Check Results for Package dagirlite

Last updated on 2021-11-01 00:49:35 CET.

Flavor Version Tinstall Tcheck Ttotal Status Flags
r-devel-linux-x86_64-debian-clang 0.1.0 2.45 26.88 29.33 OK
r-devel-linux-x86_64-debian-gcc 0.1.0 1.74 21.69 23.43 OK
r-devel-linux-x86_64-fedora-clang 0.1.0 46.02 NOTE
r-devel-linux-x86_64-fedora-gcc 0.1.0 35.48 NOTE
r-devel-windows-x86_64 0.1.0 7.00 47.00 54.00 OK
r-devel-windows-x86_64-gcc10-UCRT 0.1.0 NOTE
r-patched-linux-x86_64 0.1.0 2.37 26.40 28.77 OK
r-patched-solaris-x86 0.1.0 60.80 NOTE
r-release-linux-x86_64 0.1.0 2.20 26.40 28.60 OK
r-release-macos-arm64 0.1.0 NOTE
r-release-macos-x86_64 0.1.0 NOTE
r-release-windows-ix86+x86_64 0.1.0 4.00 34.00 38.00 OK
r-oldrel-macos-x86_64 0.1.0 NOTE
r-oldrel-windows-ix86+x86_64 0.1.0 5.00 43.00 48.00 OK

Check Details

Version: 0.1.0
Check: dependencies in R code
Result: NOTE
    Namespace in Imports field not imported from: ‘knitr’
     All declared Imports should be used.
Flavors: r-devel-linux-x86_64-fedora-clang, r-devel-linux-x86_64-fedora-gcc, r-devel-windows-x86_64-gcc10-UCRT, r-patched-solaris-x86, r-release-macos-arm64, r-release-macos-x86_64, r-oldrel-macos-x86_64

Version: 0.1.0
Check: data for non-ASCII characters
Result: NOTE
     Note: found 212 marked Latin-1 strings
     Note: found 12719 marked UTF-8 strings
Flavors: r-devel-linux-x86_64-fedora-clang, r-devel-linux-x86_64-fedora-gcc, r-devel-windows-x86_64-gcc10-UCRT, r-patched-solaris-x86, r-release-macos-arm64, r-release-macos-x86_64, r-oldrel-macos-x86_64