Last updated on 2021-11-01 00:49:35 CET.
Flavor | Version | Tinstall | Tcheck | Ttotal | Status | Flags |
---|---|---|---|---|---|---|
r-devel-linux-x86_64-debian-clang | 1.1.0 | 2.77 | 29.98 | 32.75 | NOTE | |
r-devel-linux-x86_64-debian-gcc | 1.1.0 | 2.14 | 23.79 | 25.93 | NOTE | |
r-devel-linux-x86_64-fedora-clang | 1.1.0 | 53.80 | NOTE | |||
r-devel-linux-x86_64-fedora-gcc | 1.1.0 | 39.79 | NOTE | |||
r-devel-windows-x86_64 | 1.1.0 | 5.00 | 49.00 | 54.00 | NOTE | |
r-devel-windows-x86_64-gcc10-UCRT | 1.1.0 | NOTE | ||||
r-patched-linux-x86_64 | 1.1.0 | 2.31 | 29.20 | 31.51 | NOTE | |
r-patched-solaris-x86 | 1.1.0 | 60.50 | NOTE | |||
r-release-linux-x86_64 | 1.1.0 | 2.60 | 29.08 | 31.68 | NOTE | |
r-release-macos-arm64 | 1.1.0 | NOTE | ||||
r-release-macos-x86_64 | 1.1.0 | NOTE | ||||
r-release-windows-ix86+x86_64 | 1.1.0 | 4.00 | 37.00 | 41.00 | NOTE | |
r-oldrel-macos-x86_64 | 1.1.0 | OK | ||||
r-oldrel-windows-ix86+x86_64 | 1.1.0 | 5.00 | 46.00 | 51.00 | OK |
Version: 1.1.0
Check: LazyData
Result: NOTE
'LazyData' is specified without a 'data' directory
Flavors: r-devel-linux-x86_64-debian-clang, r-devel-linux-x86_64-debian-gcc, r-devel-linux-x86_64-fedora-clang, r-devel-linux-x86_64-fedora-gcc, r-devel-windows-x86_64, r-devel-windows-x86_64-gcc10-UCRT, r-patched-linux-x86_64, r-patched-solaris-x86, r-release-linux-x86_64, r-release-macos-arm64, r-release-macos-x86_64, r-release-windows-ix86+x86_64