Last updated on 2021-11-01 00:49:35 CET.
Flavor | Version | Tinstall | Tcheck | Ttotal | Status | Flags |
---|---|---|---|---|---|---|
r-devel-linux-x86_64-debian-clang | 0.3.2 | 4.63 | 119.23 | 123.86 | NOTE | |
r-devel-linux-x86_64-debian-gcc | 0.3.2 | 4.01 | 89.25 | 93.26 | NOTE | |
r-devel-linux-x86_64-fedora-clang | 0.3.2 | 154.93 | NOTE | |||
r-devel-linux-x86_64-fedora-gcc | 0.3.2 | 145.13 | NOTE | |||
r-devel-windows-x86_64 | 0.3.2 | 8.00 | 143.00 | 151.00 | NOTE | |
r-devel-windows-x86_64-gcc10-UCRT | 0.3.2 | NOTE | ||||
r-patched-linux-x86_64 | 0.3.2 | 5.36 | 113.65 | 119.01 | NOTE | |
r-patched-solaris-x86 | 0.3.2 | 209.40 | NOTE | |||
r-release-linux-x86_64 | 0.3.2 | 4.76 | 114.34 | 119.10 | NOTE | |
r-release-macos-arm64 | 0.3.2 | NOTE | ||||
r-release-macos-x86_64 | 0.3.2 | NOTE | ||||
r-release-windows-ix86+x86_64 | 0.3.2 | 8.00 | 106.00 | 114.00 | NOTE | |
r-oldrel-macos-x86_64 | 0.3.2 | NOTE | ||||
r-oldrel-windows-ix86+x86_64 | 0.3.2 | 8.00 | 138.00 | 146.00 | NOTE |
Version: 0.3.2
Check: DESCRIPTION meta-information
Result: NOTE
Packages listed in more than one of Depends, Imports, Suggests, Enhances:
'lattice' 'robustbase'
A package should be listed in only one of these fields.
Flavors: r-devel-linux-x86_64-debian-clang, r-devel-linux-x86_64-debian-gcc, r-devel-linux-x86_64-fedora-clang, r-devel-linux-x86_64-fedora-gcc, r-devel-windows-x86_64, r-devel-windows-x86_64-gcc10-UCRT, r-patched-linux-x86_64, r-patched-solaris-x86, r-release-linux-x86_64, r-release-macos-arm64, r-release-macos-x86_64, r-release-windows-ix86+x86_64, r-oldrel-macos-x86_64, r-oldrel-windows-ix86+x86_64