Last updated on 2021-11-01 00:49:35 CET.
Flavor | Version | Tinstall | Tcheck | Ttotal | Status | Flags |
---|---|---|---|---|---|---|
r-devel-linux-x86_64-debian-clang | 0.9.2 | 22.83 | 232.62 | 255.45 | OK | |
r-devel-linux-x86_64-debian-gcc | 0.9.2 | 21.08 | 168.67 | 189.75 | OK | |
r-devel-linux-x86_64-fedora-clang | 0.9.2 | 308.49 | NOTE | |||
r-devel-linux-x86_64-fedora-gcc | 0.9.2 | 301.15 | NOTE | |||
r-devel-windows-x86_64 | 0.9.2 | 39.00 | 285.00 | 324.00 | OK | |
r-devel-windows-x86_64-gcc10-UCRT | 0.9.2 | NOTE | ||||
r-patched-linux-x86_64 | 0.9.2 | 25.62 | 221.46 | 247.08 | OK | |
r-patched-solaris-x86 | 0.9.2 | 219.60 | NOTE | |||
r-release-linux-x86_64 | 0.9.2 | 27.32 | 224.25 | 251.57 | OK | |
r-release-macos-arm64 | 0.9.2 | NOTE | ||||
r-release-macos-x86_64 | 0.9.2 | NOTE | ||||
r-release-windows-ix86+x86_64 | 0.9.2 | 36.00 | 216.00 | 252.00 | OK | |
r-oldrel-macos-x86_64 | 0.9.2 | NOTE | ||||
r-oldrel-windows-ix86+x86_64 | 0.9.2 | 33.00 | 295.00 | 328.00 | OK |
Version: 0.9.2
Check: data for non-ASCII characters
Result: NOTE
Note: found 200 marked UTF-8 strings
Flavors: r-devel-linux-x86_64-fedora-clang, r-devel-linux-x86_64-fedora-gcc, r-devel-windows-x86_64-gcc10-UCRT, r-patched-solaris-x86, r-release-macos-arm64, r-release-macos-x86_64, r-oldrel-macos-x86_64