Last updated on 2021-11-01 00:49:35 CET.
Flavor | Version | Tinstall | Tcheck | Ttotal | Status | Flags |
---|---|---|---|---|---|---|
r-devel-linux-x86_64-debian-clang | 0.0.9.1 | 3.32 | 212.70 | 216.02 | OK | |
r-devel-linux-x86_64-debian-gcc | 0.0.9.1 | 2.68 | 151.83 | 154.51 | OK | |
r-devel-linux-x86_64-fedora-clang | 0.0.9.1 | 268.40 | NOTE | |||
r-devel-linux-x86_64-fedora-gcc | 0.0.9.1 | 255.85 | NOTE | |||
r-devel-windows-x86_64 | 0.0.9.1 | 6.00 | 257.00 | 263.00 | OK | |
r-devel-windows-x86_64-gcc10-UCRT | 0.0.9.1 | NOTE | ||||
r-patched-linux-x86_64 | 0.0.9.1 | 3.82 | 202.76 | 206.58 | OK | |
r-patched-solaris-x86 | 0.0.9.1 | 344.50 | NOTE | |||
r-release-linux-x86_64 | 0.0.9.1 | 3.53 | 206.02 | 209.55 | OK | |
r-release-macos-arm64 | 0.0.9.1 | NOTE | ||||
r-release-macos-x86_64 | 0.0.9.1 | NOTE | ||||
r-release-windows-ix86+x86_64 | 0.0.9.1 | 6.00 | 206.00 | 212.00 | OK | |
r-oldrel-macos-x86_64 | 0.0.9.1 | NOTE | ||||
r-oldrel-windows-ix86+x86_64 | 0.0.9.1 | 7.00 | 262.00 | 269.00 | OK |
Version: 0.0.9.1
Check: dependencies in R code
Result: NOTE
Namespaces in Imports field not imported from:
‘colourpicker’ ‘dplyr’ ‘markdown’ ‘shinyjs’ ‘table1’ ‘tidyr’
All declared Imports should be used.
Flavors: r-devel-linux-x86_64-fedora-clang, r-devel-linux-x86_64-fedora-gcc, r-devel-windows-x86_64-gcc10-UCRT, r-patched-solaris-x86, r-release-macos-arm64, r-release-macos-x86_64, r-oldrel-macos-x86_64