Last updated on 2021-11-01 00:49:35 CET.
Flavor | Version | Tinstall | Tcheck | Ttotal | Status | Flags |
---|---|---|---|---|---|---|
r-devel-linux-x86_64-debian-clang | 0.1.4 | 160.80 | 31.40 | 192.20 | NOTE | |
r-devel-linux-x86_64-debian-gcc | 0.1.4 | 126.55 | 24.75 | 151.30 | NOTE | |
r-devel-linux-x86_64-fedora-clang | 0.1.4 | 336.99 | NOTE | |||
r-devel-linux-x86_64-fedora-gcc | 0.1.4 | 287.84 | NOTE | |||
r-devel-windows-x86_64 | 0.1.4 | 245.00 | 64.00 | 309.00 | NOTE | |
r-devel-windows-x86_64-gcc10-UCRT | 0.1.4 | NOTE | ||||
r-patched-linux-x86_64 | 0.1.4 | 153.99 | 30.82 | 184.81 | NOTE | |
r-patched-solaris-x86 | 0.1.4 | 270.60 | NOTE | |||
r-release-linux-x86_64 | 0.1.4 | 150.40 | 30.83 | 181.23 | NOTE | |
r-release-macos-arm64 | 0.1.4 | NOTE | ||||
r-release-macos-x86_64 | 0.1.4 | NOTE | ||||
r-release-windows-ix86+x86_64 | 0.1.4 | 339.00 | 56.00 | 395.00 | NOTE | |
r-oldrel-macos-x86_64 | 0.1.4 | OK | ||||
r-oldrel-windows-ix86+x86_64 | 0.1.4 | 342.00 | 73.00 | 415.00 | OK |
Version: 0.1.4
Check: LazyData
Result: NOTE
'LazyData' is specified without a 'data' directory
Flavors: r-devel-linux-x86_64-debian-clang, r-devel-linux-x86_64-debian-gcc, r-devel-linux-x86_64-fedora-clang, r-devel-linux-x86_64-fedora-gcc, r-devel-windows-x86_64, r-devel-windows-x86_64-gcc10-UCRT, r-patched-linux-x86_64, r-patched-solaris-x86, r-release-linux-x86_64, r-release-macos-arm64, r-release-macos-x86_64, r-release-windows-ix86+x86_64
Version: 0.1.4
Check: installed package size
Result: NOTE
installed size is 5.2Mb
sub-directories of 1Mb or more:
libs 5.1Mb
Flavor: r-release-macos-arm64