CRAN Package Check Results for Package covBM

Last updated on 2021-11-01 00:49:35 CET.

Flavor Version Tinstall Tcheck Ttotal Status Flags
r-devel-linux-x86_64-debian-clang 0.1.0 3.39 54.69 58.08 OK
r-devel-linux-x86_64-debian-gcc 0.1.0 2.67 42.27 44.94 OK
r-devel-linux-x86_64-fedora-clang 0.1.0 82.32 NOTE
r-devel-linux-x86_64-fedora-gcc 0.1.0 70.97 NOTE
r-devel-windows-x86_64 0.1.0 6.00 84.00 90.00 OK
r-devel-windows-x86_64-gcc10-UCRT 0.1.0 OK
r-patched-linux-x86_64 0.1.0 3.66 54.07 57.73 OK
r-patched-solaris-x86 0.1.0 101.30 OK
r-release-linux-x86_64 0.1.0 3.44 53.60 57.04 OK
r-release-macos-arm64 0.1.0 OK
r-release-macos-x86_64 0.1.0 OK
r-release-windows-ix86+x86_64 0.1.0 7.00 77.00 84.00 OK
r-oldrel-macos-x86_64 0.1.0 OK
r-oldrel-windows-ix86+x86_64 0.1.0 6.00 95.00 101.00 OK

Check Details

Version: 0.1.0
Check: compiled code
Result: NOTE
    File ‘covBM/libs/covBM.so’:
     Found no calls to: ‘R_registerRoutines’, ‘R_useDynamicSymbols’
    
    It is good practice to register native routines and to disable symbol
    search.
    
    See ‘Writing portable packages’ in the ‘Writing R Extensions’ manual.
Flavors: r-devel-linux-x86_64-fedora-clang, r-devel-linux-x86_64-fedora-gcc