Last updated on 2021-11-01 00:49:35 CET.
Flavor | Version | Tinstall | Tcheck | Ttotal | Status | Flags |
---|---|---|---|---|---|---|
r-devel-linux-x86_64-debian-clang | 1.3.0 | 4.17 | 126.21 | 130.38 | OK | |
r-devel-linux-x86_64-debian-gcc | 1.3.0 | 3.91 | 86.76 | 90.67 | OK | |
r-devel-linux-x86_64-fedora-clang | 1.3.0 | 159.54 | NOTE | |||
r-devel-linux-x86_64-fedora-gcc | 1.3.0 | 147.73 | NOTE | |||
r-devel-windows-x86_64 | 1.3.0 | 7.00 | 216.00 | 223.00 | OK | |
r-devel-windows-x86_64-gcc10-UCRT | 1.3.0 | NOTE | ||||
r-patched-linux-x86_64 | 1.3.0 | 4.68 | 117.69 | 122.37 | OK | |
r-patched-solaris-x86 | 1.3.0 | 236.30 | NOTE | |||
r-release-linux-x86_64 | 1.3.0 | 4.35 | 115.99 | 120.34 | OK | |
r-release-macos-arm64 | 1.3.0 | NOTE | ||||
r-release-macos-x86_64 | 1.3.0 | NOTE | ||||
r-release-windows-ix86+x86_64 | 1.3.0 | 7.00 | 163.00 | 170.00 | OK | |
r-oldrel-macos-x86_64 | 1.3.0 | NOTE | ||||
r-oldrel-windows-ix86+x86_64 | 1.3.0 | 7.00 | 207.00 | 214.00 | OK |
Version: 1.3.0
Check: data for non-ASCII characters
Result: NOTE
Note: found 128401 marked UTF-8 strings
Flavors: r-devel-linux-x86_64-fedora-clang, r-devel-linux-x86_64-fedora-gcc, r-devel-windows-x86_64-gcc10-UCRT, r-patched-solaris-x86, r-release-macos-arm64, r-release-macos-x86_64, r-oldrel-macos-x86_64