Last updated on 2021-11-01 00:49:35 CET.
Flavor | Version | Tinstall | Tcheck | Ttotal | Status | Flags |
---|---|---|---|---|---|---|
r-devel-linux-x86_64-debian-clang | 1.0.6.1 | 2.51 | 34.50 | 37.01 | NOTE | |
r-devel-linux-x86_64-debian-gcc | 1.0.6.1 | 2.55 | 26.51 | 29.06 | NOTE | |
r-devel-linux-x86_64-fedora-clang | 1.0.6.1 | 59.17 | NOTE | |||
r-devel-linux-x86_64-fedora-gcc | 1.0.6.1 | 45.73 | NOTE | |||
r-devel-windows-x86_64 | 1.0.6.1 | 6.00 | 59.00 | 65.00 | NOTE | |
r-devel-windows-x86_64-gcc10-UCRT | 1.0.6.1 | NOTE | ||||
r-patched-linux-x86_64 | 1.0.6.1 | 3.15 | 32.98 | 36.13 | NOTE | |
r-patched-solaris-x86 | 1.0.6.1 | 66.10 | NOTE | |||
r-release-linux-x86_64 | 1.0.6.1 | 3.06 | 33.05 | 36.11 | NOTE | |
r-release-macos-arm64 | 1.0.6.1 | NOTE | ||||
r-release-macos-x86_64 | 1.0.6.1 | NOTE | ||||
r-release-windows-ix86+x86_64 | 1.0.6.1 | 6.00 | 44.00 | 50.00 | NOTE | |
r-oldrel-macos-x86_64 | 1.0.6.1 | OK | ||||
r-oldrel-windows-ix86+x86_64 | 1.0.6.1 | 6.00 | 56.00 | 62.00 | OK |
Version: 1.0.6.1
Check: LazyData
Result: NOTE
'LazyData' is specified without a 'data' directory
Flavors: r-devel-linux-x86_64-debian-clang, r-devel-linux-x86_64-debian-gcc, r-devel-linux-x86_64-fedora-clang, r-devel-linux-x86_64-fedora-gcc, r-devel-windows-x86_64, r-devel-windows-x86_64-gcc10-UCRT, r-patched-linux-x86_64, r-patched-solaris-x86, r-release-linux-x86_64, r-release-macos-arm64, r-release-macos-x86_64, r-release-windows-ix86+x86_64