CRAN Package Check Results for Package cord

Last updated on 2021-11-01 00:49:35 CET.

Flavor Version Tinstall Tcheck Ttotal Status Flags
r-devel-linux-x86_64-debian-clang 0.1.1 36.59 24.09 60.68 OK
r-devel-linux-x86_64-debian-gcc 0.1.1 28.06 19.37 47.43 OK
r-devel-linux-x86_64-fedora-clang 0.1.1 104.83 NOTE
r-devel-linux-x86_64-fedora-gcc 0.1.1 85.82 NOTE
r-devel-windows-x86_64 0.1.1 53.00 56.00 109.00 OK
r-devel-windows-x86_64-gcc10-UCRT 0.1.1 OK
r-patched-linux-x86_64 0.1.1 35.17 23.86 59.03 OK
r-patched-solaris-x86 0.1.1 88.80 OK
r-release-linux-x86_64 0.1.1 34.20 23.45 57.65 OK
r-release-macos-arm64 0.1.1 OK
r-release-macos-x86_64 0.1.1 OK
r-release-windows-ix86+x86_64 0.1.1 76.00 53.00 129.00 OK
r-oldrel-macos-x86_64 0.1.1 OK
r-oldrel-windows-ix86+x86_64 0.1.1 75.00 65.00 140.00 OK

Check Details

Version: 0.1.1
Check: compiled code
Result: NOTE
    File ‘cord/libs/cord.so’:
     Found no calls to: ‘R_registerRoutines’, ‘R_useDynamicSymbols’
    
    It is good practice to register native routines and to disable symbol
    search.
    
    See ‘Writing portable packages’ in the ‘Writing R Extensions’ manual.
Flavors: r-devel-linux-x86_64-fedora-clang, r-devel-linux-x86_64-fedora-gcc