CRAN Package Check Results for Package convexjlr

Last updated on 2021-11-01 00:49:34 CET.

Flavor Version Tinstall Tcheck Ttotal Status Flags
r-devel-linux-x86_64-debian-clang 0.8.1 2.87 26.26 29.13 NOTE
r-devel-linux-x86_64-debian-gcc 0.8.1 2.23 20.43 22.66 NOTE
r-devel-linux-x86_64-fedora-clang 0.8.1 45.46 NOTE
r-devel-linux-x86_64-fedora-gcc 0.8.1 35.29 NOTE
r-devel-windows-x86_64 0.8.1 5.00 47.00 52.00 NOTE
r-devel-windows-x86_64-gcc10-UCRT 0.8.1 NOTE
r-patched-linux-x86_64 0.8.1 2.81 25.18 27.99 NOTE
r-patched-solaris-x86 0.8.1 52.00 NOTE
r-release-linux-x86_64 0.8.1 2.84 24.95 27.79 NOTE
r-release-macos-arm64 0.8.1 NOTE
r-release-macos-x86_64 0.8.1 NOTE
r-release-windows-ix86+x86_64 0.8.1 5.00 35.00 40.00 NOTE
r-oldrel-macos-x86_64 0.8.1 OK
r-oldrel-windows-ix86+x86_64 0.8.1 4.00 43.00 47.00 OK

Check Details

Version: 0.8.1
Check: LazyData
Result: NOTE
     'LazyData' is specified without a 'data' directory
Flavors: r-devel-linux-x86_64-debian-clang, r-devel-linux-x86_64-debian-gcc, r-devel-linux-x86_64-fedora-clang, r-devel-linux-x86_64-fedora-gcc, r-devel-windows-x86_64, r-devel-windows-x86_64-gcc10-UCRT, r-patched-linux-x86_64, r-patched-solaris-x86, r-release-linux-x86_64, r-release-macos-arm64, r-release-macos-x86_64, r-release-windows-ix86+x86_64