Last updated on 2021-11-01 00:49:34 CET.
Flavor | Version | Tinstall | Tcheck | Ttotal | Status | Flags |
---|---|---|---|---|---|---|
r-devel-linux-x86_64-debian-clang | 0.6.10 | 1.74 | 23.28 | 25.02 | NOTE | |
r-devel-linux-x86_64-debian-gcc | 0.6.10 | 1.34 | 18.46 | 19.80 | NOTE | |
r-devel-linux-x86_64-fedora-clang | 0.6.10 | 42.45 | NOTE | |||
r-devel-linux-x86_64-fedora-gcc | 0.6.10 | 31.48 | NOTE | |||
r-devel-windows-x86_64 | 0.6.10 | 6.00 | 43.00 | 49.00 | NOTE | |
r-devel-windows-x86_64-gcc10-UCRT | 0.6.10 | NOTE | ||||
r-patched-linux-x86_64 | 0.6.10 | 2.01 | 22.84 | 24.85 | NOTE | |
r-patched-solaris-x86 | 0.6.10 | 48.10 | NOTE | |||
r-release-linux-x86_64 | 0.6.10 | 2.03 | 22.50 | 24.53 | NOTE | |
r-release-macos-arm64 | 0.6.10 | NOTE | ||||
r-release-macos-x86_64 | 0.6.10 | NOTE | ||||
r-release-windows-ix86+x86_64 | 0.6.10 | 4.00 | 31.00 | 35.00 | NOTE | |
r-oldrel-macos-x86_64 | 0.6.10 | OK | ||||
r-oldrel-windows-ix86+x86_64 | 0.6.10 | 4.00 | 40.00 | 44.00 | OK |
Version: 0.6.10
Check: LazyData
Result: NOTE
'LazyData' is specified without a 'data' directory
Flavors: r-devel-linux-x86_64-debian-clang, r-devel-linux-x86_64-debian-gcc, r-devel-linux-x86_64-fedora-clang, r-devel-linux-x86_64-fedora-gcc, r-devel-windows-x86_64, r-devel-windows-x86_64-gcc10-UCRT, r-patched-linux-x86_64, r-patched-solaris-x86, r-release-linux-x86_64, r-release-macos-arm64, r-release-macos-x86_64, r-release-windows-ix86+x86_64