Last updated on 2021-11-01 00:49:34 CET.
Flavor | Version | Tinstall | Tcheck | Ttotal | Status | Flags |
---|---|---|---|---|---|---|
r-devel-linux-x86_64-debian-clang | 4.5.1 | 22.00 | 210.54 | 232.54 | OK | |
r-devel-linux-x86_64-debian-gcc | 4.5.1 | 18.22 | 152.39 | 170.61 | OK | |
r-devel-linux-x86_64-fedora-clang | 4.5.1 | 284.37 | OK | |||
r-devel-linux-x86_64-fedora-gcc | 4.5.1 | 268.73 | OK | |||
r-devel-windows-x86_64 | 4.5.1 | 36.00 | 262.00 | 298.00 | OK | |
r-devel-windows-x86_64-gcc10-UCRT | 4.5.1 | OK | ||||
r-patched-linux-x86_64 | 4.5.1 | 22.17 | 199.97 | 222.14 | OK | |
r-patched-solaris-x86 | 4.5.1 | 296.30 | NOTE | |||
r-release-linux-x86_64 | 4.5.1 | 21.96 | 199.44 | 221.40 | OK | |
r-release-macos-arm64 | 4.5.1 | OK | ||||
r-release-macos-x86_64 | 4.5.1 | OK | ||||
r-release-windows-ix86+x86_64 | 4.5.1 | 33.00 | 196.00 | 229.00 | OK | |
r-oldrel-macos-x86_64 | 4.5.1 | OK | ||||
r-oldrel-windows-ix86+x86_64 | 4.5.1 | 34.00 | 261.00 | 295.00 | OK |
Version: 4.5.1
Check: installed package size
Result: NOTE
installed size is 5.3Mb
sub-directories of 1Mb or more:
doc 1.6Mb
help 1.4Mb
Flavor: r-patched-solaris-x86