CRAN Package Check Results for Package colorfindr

Last updated on 2021-11-01 00:49:34 CET.

Flavor Version Tinstall Tcheck Ttotal Status Flags
r-devel-linux-x86_64-debian-clang 0.1.4 7.36 73.25 80.61 NOTE
r-devel-linux-x86_64-debian-gcc 0.1.4 5.68 53.58 59.26 NOTE
r-devel-linux-x86_64-fedora-clang 0.1.4 106.25 NOTE
r-devel-linux-x86_64-fedora-gcc 0.1.4 94.30 NOTE
r-devel-windows-x86_64 0.1.4 13.00 97.00 110.00 NOTE
r-devel-windows-x86_64-gcc10-UCRT 0.1.4 NOTE
r-patched-linux-x86_64 0.1.4 13.32 67.71 81.03 NOTE
r-release-linux-x86_64 0.1.4 6.73 67.38 74.11 NOTE
r-release-macos-arm64 0.1.4 NOTE
r-release-macos-x86_64 0.1.4 NOTE
r-release-windows-ix86+x86_64 0.1.4 15.00 72.00 87.00 NOTE
r-oldrel-macos-x86_64 0.1.4 OK
r-oldrel-windows-ix86+x86_64 0.1.4 13.00 97.00 110.00 OK

Check Details

Version: 0.1.4
Check: LazyData
Result: NOTE
     'LazyData' is specified without a 'data' directory
Flavors: r-devel-linux-x86_64-debian-clang, r-devel-linux-x86_64-debian-gcc, r-devel-linux-x86_64-fedora-clang, r-devel-linux-x86_64-fedora-gcc, r-devel-windows-x86_64, r-devel-windows-x86_64-gcc10-UCRT, r-patched-linux-x86_64, r-release-linux-x86_64, r-release-macos-arm64, r-release-macos-x86_64, r-release-windows-ix86+x86_64