CRAN Package Check Results for Package colorednoise

Last updated on 2021-11-01 00:49:34 CET.

Flavor Version Tinstall Tcheck Ttotal Status Flags
r-devel-linux-x86_64-debian-clang 1.1.0 43.11 259.72 302.83 NOTE
r-devel-linux-x86_64-debian-gcc 1.1.0 33.38 179.82 213.20 NOTE
r-devel-linux-x86_64-fedora-clang 1.1.0 388.55 NOTE
r-devel-linux-x86_64-fedora-gcc 1.1.0 367.40 NOTE
r-devel-windows-x86_64 1.1.0 63.00 330.00 393.00 NOTE
r-devel-windows-x86_64-gcc10-UCRT 1.1.0 NOTE --no-vignettes
r-patched-linux-x86_64 1.1.0 43.78 228.75 272.53 NOTE
r-patched-solaris-x86 1.1.0 169.70 NOTE
r-release-linux-x86_64 1.1.0 37.70 228.47 266.17 NOTE
r-release-macos-arm64 1.1.0 NOTE
r-release-macos-x86_64 1.1.0 NOTE
r-release-windows-ix86+x86_64 1.1.0 87.00 283.00 370.00 NOTE
r-oldrel-macos-x86_64 1.1.0 OK
r-oldrel-windows-ix86+x86_64 1.1.0 86.00 361.00 447.00 OK

Check Details

Version: 1.1.0
Check: LazyData
Result: NOTE
     'LazyData' is specified without a 'data' directory
Flavors: r-devel-linux-x86_64-debian-clang, r-devel-linux-x86_64-debian-gcc, r-devel-linux-x86_64-fedora-clang, r-devel-linux-x86_64-fedora-gcc, r-devel-windows-x86_64, r-patched-linux-x86_64, r-patched-solaris-x86, r-release-linux-x86_64, r-release-macos-arm64, r-release-macos-x86_64, r-release-windows-ix86+x86_64

Version: 1.1.0
Flags: --no-vignettes
Check: LazyData
Result: NOTE
     'LazyData' is specified without a 'data' directory
Flavor: r-devel-windows-x86_64-gcc10-UCRT