CRAN Package Check Results for Package colocr

Last updated on 2021-11-01 00:49:34 CET.

Flavor Version Tinstall Tcheck Ttotal Status Flags
r-devel-linux-x86_64-debian-clang 0.1.1 5.13 205.18 210.31 NOTE
r-devel-linux-x86_64-debian-gcc 0.1.1 4.37 144.22 148.59 NOTE
r-devel-linux-x86_64-fedora-clang 0.1.1 267.44 NOTE
r-devel-linux-x86_64-fedora-gcc 0.1.1 230.30 NOTE
r-devel-windows-x86_64 0.1.1 9.00 259.00 268.00 NOTE
r-devel-windows-x86_64-gcc10-UCRT 0.1.1 NOTE
r-patched-linux-x86_64 0.1.1 9.23 188.91 198.14 NOTE
r-patched-solaris-x86 0.1.1 237.30 NOTE
r-release-linux-x86_64 0.1.1 5.21 186.90 192.11 NOTE
r-release-macos-arm64 0.1.1 NOTE
r-release-macos-x86_64 0.1.1 NOTE
r-release-windows-ix86+x86_64 0.1.1 9.00 205.00 214.00 NOTE
r-oldrel-macos-x86_64 0.1.1 OK
r-oldrel-windows-ix86+x86_64 0.1.1 9.00 257.00 266.00 OK

Check Details

Version: 0.1.1
Check: LazyData
Result: NOTE
     'LazyData' is specified without a 'data' directory
Flavors: r-devel-linux-x86_64-debian-clang, r-devel-linux-x86_64-debian-gcc, r-devel-linux-x86_64-fedora-clang, r-devel-linux-x86_64-fedora-gcc, r-devel-windows-x86_64, r-devel-windows-x86_64-gcc10-UCRT, r-patched-linux-x86_64, r-patched-solaris-x86, r-release-linux-x86_64, r-release-macos-arm64, r-release-macos-x86_64, r-release-windows-ix86+x86_64