CRAN Package Check Results for Package coda.base

Last updated on 2021-11-01 00:49:34 CET.

Flavor Version Tinstall Tcheck Ttotal Status Flags
r-devel-linux-x86_64-debian-clang 0.3.1 50.79 35.40 86.19 OK
r-devel-linux-x86_64-debian-gcc 0.3.1 37.81 27.66 65.47 OK
r-devel-linux-x86_64-fedora-clang 0.3.1 138.28 NOTE
r-devel-linux-x86_64-fedora-gcc 0.3.1 118.91 NOTE
r-devel-windows-x86_64 0.3.1 67.00 71.00 138.00 OK
r-devel-windows-x86_64-gcc10-UCRT 0.3.1 NOTE
r-patched-linux-x86_64 0.3.1 43.81 34.37 78.18 OK
r-patched-solaris-x86 0.3.1 115.50 NOTE
r-release-linux-x86_64 0.3.1 47.62 33.81 81.43 OK
r-release-macos-arm64 0.3.1 NOTE
r-release-macos-x86_64 0.3.1 NOTE
r-release-windows-ix86+x86_64 0.3.1 89.00 63.00 152.00 OK
r-oldrel-macos-x86_64 0.3.1 NOTE
r-oldrel-windows-ix86+x86_64 0.3.1 98.00 87.00 185.00 OK

Check Details

Version: 0.3.1
Check: data for non-ASCII characters
Result: NOTE
     Note: found 19 marked UTF-8 strings
Flavors: r-devel-linux-x86_64-fedora-clang, r-devel-linux-x86_64-fedora-gcc, r-devel-windows-x86_64-gcc10-UCRT, r-patched-solaris-x86, r-release-macos-arm64, r-release-macos-x86_64, r-oldrel-macos-x86_64