CRAN Package Check Results for Package cocron

Last updated on 2021-11-01 00:49:34 CET.

Flavor Version Tinstall Tcheck Ttotal Status Flags
r-devel-linux-x86_64-debian-clang 1.0-1 2.75 26.72 29.47 NOTE
r-devel-linux-x86_64-debian-gcc 1.0-1 2.43 21.47 23.90 NOTE
r-devel-linux-x86_64-fedora-clang 1.0-1 47.92 NOTE
r-devel-linux-x86_64-fedora-gcc 1.0-1 36.72 NOTE
r-devel-windows-x86_64 1.0-1 9.00 47.00 56.00 NOTE
r-devel-windows-x86_64-gcc10-UCRT 1.0-1 NOTE
r-patched-linux-x86_64 1.0-1 3.16 25.89 29.05 NOTE
r-patched-solaris-x86 1.0-1 56.90 NOTE
r-release-linux-x86_64 1.0-1 3.23 26.37 29.60 NOTE
r-release-macos-arm64 1.0-1 NOTE
r-release-macos-x86_64 1.0-1 NOTE
r-release-windows-ix86+x86_64 1.0-1 6.00 33.00 39.00 NOTE
r-oldrel-macos-x86_64 1.0-1 NOTE
r-oldrel-windows-ix86+x86_64 1.0-1 8.00 46.00 54.00 NOTE

Check Details

Version: 1.0-1
Check: package dependencies
Result: NOTE
    Package which this enhances but not available for checking: 'rkward'
Flavors: r-devel-linux-x86_64-debian-clang, r-devel-linux-x86_64-debian-gcc, r-devel-linux-x86_64-fedora-clang, r-devel-linux-x86_64-fedora-gcc, r-devel-windows-x86_64, r-devel-windows-x86_64-gcc10-UCRT, r-patched-linux-x86_64, r-patched-solaris-x86, r-release-linux-x86_64, r-release-macos-arm64, r-release-macos-x86_64, r-release-windows-ix86+x86_64, r-oldrel-macos-x86_64, r-oldrel-windows-ix86+x86_64