CRAN Package Check Results for Package cnum

Last updated on 2021-11-01 00:49:34 CET.

Flavor Version Tinstall Tcheck Ttotal Status Flags
r-devel-linux-x86_64-debian-clang 0.1.3 39.30 28.44 67.74 NOTE
r-devel-linux-x86_64-debian-gcc 0.1.3 32.61 22.55 55.16 NOTE
r-devel-linux-x86_64-fedora-clang 0.1.3 105.76 NOTE
r-devel-linux-x86_64-fedora-gcc 0.1.3 97.74 NOTE
r-devel-windows-x86_64 0.1.3 55.00 60.00 115.00 NOTE
r-devel-windows-x86_64-gcc10-UCRT 0.1.3 NOTE
r-patched-linux-x86_64 0.1.3 39.39 28.02 67.41 NOTE
r-patched-solaris-x86 0.1.3 100.80 NOTE
r-release-linux-x86_64 0.1.3 39.35 28.02 67.37 NOTE
r-release-macos-arm64 0.1.3 NOTE
r-release-macos-x86_64 0.1.3 NOTE
r-release-windows-ix86+x86_64 0.1.3 83.00 57.00 140.00 NOTE
r-oldrel-macos-x86_64 0.1.3 OK
r-oldrel-windows-ix86+x86_64 0.1.3 77.00 74.00 151.00 OK

Check Details

Version: 0.1.3
Check: LazyData
Result: NOTE
     'LazyData' is specified without a 'data' directory
Flavors: r-devel-linux-x86_64-debian-clang, r-devel-linux-x86_64-debian-gcc, r-devel-linux-x86_64-fedora-clang, r-devel-linux-x86_64-fedora-gcc, r-devel-windows-x86_64, r-devel-windows-x86_64-gcc10-UCRT, r-patched-linux-x86_64, r-patched-solaris-x86, r-release-linux-x86_64, r-release-macos-arm64, r-release-macos-x86_64, r-release-windows-ix86+x86_64