Last updated on 2021-11-01 00:49:34 CET.
Flavor | Version | Tinstall | Tcheck | Ttotal | Status | Flags |
---|---|---|---|---|---|---|
r-devel-linux-x86_64-debian-clang | 1.1.7 | 12.15 | 78.94 | 91.09 | OK | |
r-devel-linux-x86_64-debian-gcc | 1.1.7 | 11.11 | 58.15 | 69.26 | OK | |
r-devel-linux-x86_64-fedora-clang | 1.1.7 | 129.07 | NOTE | |||
r-devel-linux-x86_64-fedora-gcc | 1.1.7 | 115.09 | NOTE | |||
r-devel-windows-x86_64 | 1.1.7 | 23.00 | 92.00 | 115.00 | OK | |
r-devel-windows-x86_64-gcc10-UCRT | 1.1.7 | NOTE | ||||
r-patched-linux-x86_64 | 1.1.7 | 15.02 | 77.78 | 92.80 | OK | |
r-patched-solaris-x86 | 1.1.7 | 132.20 | NOTE | |||
r-release-linux-x86_64 | 1.1.7 | 14.85 | 77.86 | 92.71 | OK | |
r-release-macos-arm64 | 1.1.7 | NOTE | ||||
r-release-macos-x86_64 | 1.1.7 | NOTE | ||||
r-release-windows-ix86+x86_64 | 1.1.7 | 16.00 | 69.00 | 85.00 | OK | |
r-oldrel-macos-x86_64 | 1.1.7 | NOTE | ||||
r-oldrel-windows-ix86+x86_64 | 1.1.7 | 19.00 | 99.00 | 118.00 | OK |
Version: 1.1.7
Check: package dependencies
Result: NOTE
Imports includes 21 non-default packages.
Importing from so many packages makes the package vulnerable to any of
them becoming unavailable. Move as many as possible to Suggests and
use conditionally.
Flavor: r-devel-linux-x86_64-fedora-clang
Version: 1.1.7
Check: dependencies in R code
Result: NOTE
Namespaces in Imports field not imported from:
‘maptools’ ‘rgdal’ ‘rworldxtra’
All declared Imports should be used.
Flavors: r-devel-linux-x86_64-fedora-clang, r-devel-linux-x86_64-fedora-gcc, r-devel-windows-x86_64-gcc10-UCRT, r-patched-solaris-x86, r-release-macos-arm64, r-release-macos-x86_64, r-oldrel-macos-x86_64