CRAN Package Check Results for Package clv

Last updated on 2021-11-01 00:49:34 CET.

Flavor Version Tinstall Tcheck Ttotal Status Flags
r-devel-linux-x86_64-debian-clang 0.3-2.2 6.20 33.91 40.11 OK
r-devel-linux-x86_64-debian-gcc 0.3-2.2 4.65 25.88 30.53 OK
r-devel-linux-x86_64-fedora-clang 0.3-2.2 60.14 NOTE
r-devel-linux-x86_64-fedora-gcc 0.3-2.2 49.19 NOTE
r-devel-windows-x86_64 0.3-2.2 12.00 54.00 66.00 OK
r-devel-windows-x86_64-gcc10-UCRT 0.3-2.2 OK
r-patched-linux-x86_64 0.3-2.2 6.45 32.88 39.33 OK
r-patched-solaris-x86 0.3-2.2 72.30 OK
r-release-linux-x86_64 0.3-2.2 5.98 32.31 38.29 OK
r-release-macos-arm64 0.3-2.2 OK
r-release-macos-x86_64 0.3-2.2 OK
r-release-windows-ix86+x86_64 0.3-2.2 16.00 50.00 66.00 OK
r-oldrel-macos-x86_64 0.3-2.2 OK
r-oldrel-windows-ix86+x86_64 0.3-2.2 14.00 63.00 77.00 OK

Check Details

Version: 0.3-2.2
Check: compiled code
Result: NOTE
    File ‘clv/libs/clv.so’:
     Found no calls to: ‘R_registerRoutines’, ‘R_useDynamicSymbols’
    
    It is good practice to register native routines and to disable symbol
    search.
    
    See ‘Writing portable packages’ in the ‘Writing R Extensions’ manual.
Flavors: r-devel-linux-x86_64-fedora-clang, r-devel-linux-x86_64-fedora-gcc