Last updated on 2021-11-01 00:49:34 CET.
Flavor | Version | Tinstall | Tcheck | Ttotal | Status | Flags |
---|---|---|---|---|---|---|
r-devel-linux-x86_64-debian-clang | 2.3.4 | 10.51 | 84.13 | 94.64 | NOTE | |
r-devel-linux-x86_64-debian-gcc | 2.3.4 | 8.46 | 64.51 | 72.97 | NOTE | |
r-devel-linux-x86_64-fedora-clang | 2.3.4 | 122.10 | NOTE | |||
r-devel-linux-x86_64-fedora-gcc | 2.3.4 | 113.15 | NOTE | |||
r-devel-windows-x86_64 | 2.3.4 | 15.00 | 74.00 | 89.00 | NOTE | --no-vignettes |
r-devel-windows-x86_64-gcc10-UCRT | 2.3.4 | NOTE | ||||
r-patched-linux-x86_64 | 2.3.4 | 13.11 | 81.52 | 94.63 | NOTE | |
r-patched-solaris-x86 | 2.3.4 | 160.50 | NOTE | |||
r-release-linux-x86_64 | 2.3.4 | 10.11 | 82.08 | 92.19 | NOTE | |
r-release-macos-arm64 | 2.3.4 | NOTE | ||||
r-release-macos-x86_64 | 2.3.4 | NOTE | ||||
r-release-windows-ix86+x86_64 | 2.3.4 | 16.00 | 72.00 | 88.00 | NOTE | --no-vignettes |
r-oldrel-macos-x86_64 | 2.3.4 | OK | ||||
r-oldrel-windows-ix86+x86_64 | 2.3.4 | 14.00 | 98.00 | 112.00 | OK | --no-vignettes |
Version: 2.3.4
Check: LazyData
Result: NOTE
'LazyData' is specified without a 'data' directory
Flavors: r-devel-linux-x86_64-debian-clang, r-devel-linux-x86_64-debian-gcc, r-devel-linux-x86_64-fedora-clang, r-devel-linux-x86_64-fedora-gcc, r-devel-windows-x86_64-gcc10-UCRT, r-patched-linux-x86_64, r-patched-solaris-x86, r-release-linux-x86_64, r-release-macos-arm64, r-release-macos-x86_64
Version: 2.3.4
Flags: --no-vignettes
Check: LazyData
Result: NOTE
'LazyData' is specified without a 'data' directory
Flavors: r-devel-windows-x86_64, r-release-windows-ix86+x86_64