CRAN Package Check Results for Package cluster

Last updated on 2021-11-01 00:49:34 CET.

Flavor Version Tinstall Tcheck Ttotal Status Flags
r-devel-linux-x86_64-debian-clang 2.1.2 10.74 138.49 149.23 OK
r-devel-linux-x86_64-debian-gcc 2.1.2 8.58 98.73 107.31 OK
r-devel-linux-x86_64-fedora-clang 2.1.2 190.73 NOTE
r-devel-linux-x86_64-fedora-gcc 2.1.2 173.11 OK
r-devel-windows-x86_64 2.1.2 20.00 161.00 181.00 OK
r-devel-windows-x86_64-gcc10-UCRT 2.1.2 OK
r-patched-linux-x86_64 2.1.2 11.80 129.08 140.88 OK
r-patched-solaris-x86 2.1.2 OK
r-release-linux-x86_64 2.1.2 9.80 128.51 138.31 OK
r-release-macos-arm64 2.1.2 OK
r-release-macos-x86_64 2.1.2 OK
r-release-windows-ix86+x86_64 2.1.2 24.00 214.00 238.00 OK
r-oldrel-macos-x86_64 2.1.2 OK
r-oldrel-windows-ix86+x86_64 2.1.2 25.00 261.00 286.00 OK

Check Details

Version: 2.1.2
Check: Rd cross-references
Result: NOTE
    Undeclared packages ‘mvoutlier’, ‘fpc’, ‘ellipse’, ‘sfsmisc’ in Rd xrefs
Flavor: r-devel-linux-x86_64-fedora-clang