CRAN Package Check Results for Package clustEff

Last updated on 2021-11-01 00:49:34 CET.

Flavor Version Tinstall Tcheck Ttotal Status Flags
r-devel-linux-x86_64-debian-clang 0.2.0 15.34 137.55 152.89 NOTE
r-devel-linux-x86_64-debian-gcc 0.2.0 11.06 100.63 111.69 NOTE
r-devel-linux-x86_64-fedora-clang 0.2.0 189.47 NOTE
r-devel-linux-x86_64-fedora-gcc 0.2.0 120.42 NOTE
r-devel-windows-x86_64 0.2.0 25.00 162.00 187.00 NOTE
r-devel-windows-x86_64-gcc10-UCRT 0.2.0 NOTE
r-patched-linux-x86_64 0.2.0 14.57 125.62 140.19 NOTE
r-patched-solaris-x86 0.2.0 259.30 NOTE
r-release-linux-x86_64 0.2.0 13.72 126.69 140.41 NOTE
r-release-macos-arm64 0.2.0 NOTE
r-release-macos-x86_64 0.2.0 NOTE
r-release-windows-ix86+x86_64 0.2.0 27.00 117.00 144.00 NOTE
r-oldrel-macos-x86_64 0.2.0 OK
r-oldrel-windows-ix86+x86_64 0.2.0 28.00 162.00 190.00 OK

Check Details

Version: 0.2.0
Check: LazyData
Result: NOTE
     'LazyData' is specified without a 'data' directory
Flavors: r-devel-linux-x86_64-debian-clang, r-devel-linux-x86_64-debian-gcc, r-devel-linux-x86_64-fedora-clang, r-devel-linux-x86_64-fedora-gcc, r-devel-windows-x86_64, r-devel-windows-x86_64-gcc10-UCRT, r-patched-linux-x86_64, r-patched-solaris-x86, r-release-linux-x86_64, r-release-macos-arm64, r-release-macos-x86_64, r-release-windows-ix86+x86_64