CRAN Package Check Results for Package clogitboost

Last updated on 2021-11-01 00:49:34 CET.

Flavor Version Tinstall Tcheck Ttotal Status Flags
r-devel-linux-x86_64-debian-clang 1.1 16.48 42.37 58.85 OK
r-devel-linux-x86_64-debian-gcc 1.1 11.38 31.45 42.83 OK
r-devel-linux-x86_64-fedora-clang 1.1 87.48 NOTE
r-devel-linux-x86_64-fedora-gcc 1.1 72.95 NOTE
r-devel-windows-x86_64 1.1 24.00 82.00 106.00 OK
r-devel-windows-x86_64-gcc10-UCRT 1.1 OK
r-patched-linux-x86_64 1.1 13.51 40.71 54.22 OK
r-patched-solaris-x86 1.1 93.00 OK
r-release-linux-x86_64 1.1 14.53 40.34 54.87 OK
r-release-macos-arm64 1.1 OK
r-release-macos-x86_64 1.1 OK
r-release-windows-ix86+x86_64 1.1 35.00 96.00 131.00 OK
r-oldrel-macos-x86_64 1.1 OK
r-oldrel-windows-ix86+x86_64 1.1 34.00 116.00 150.00 OK

Check Details

Version: 1.1
Check: compiled code
Result: NOTE
    File ‘clogitboost/libs/clogitboost.so’:
     Found no calls to: ‘R_registerRoutines’, ‘R_useDynamicSymbols’
    
    It is good practice to register native routines and to disable symbol
    search.
    
    See ‘Writing portable packages’ in the ‘Writing R Extensions’ manual.
Flavors: r-devel-linux-x86_64-fedora-clang, r-devel-linux-x86_64-fedora-gcc