Last updated on 2021-11-01 00:49:34 CET.
Flavor | Version | Tinstall | Tcheck | Ttotal | Status | Flags |
---|---|---|---|---|---|---|
r-devel-linux-x86_64-debian-clang | 3.1.2 | 7.35 | 86.54 | 93.89 | OK | |
r-devel-linux-x86_64-debian-gcc | 3.1.2 | 4.86 | 63.59 | 68.45 | OK | |
r-devel-linux-x86_64-fedora-clang | 3.1.2 | 125.06 | OK | |||
r-devel-linux-x86_64-fedora-gcc | 3.1.2 | 114.58 | OK | |||
r-devel-windows-x86_64 | 3.1.2 | 11.00 | 113.00 | 124.00 | OK | |
r-devel-windows-x86_64-gcc10-UCRT | 3.1.2 | OK | ||||
r-patched-linux-x86_64 | 3.1.2 | 8.32 | 83.62 | 91.94 | OK | |
r-patched-solaris-x86 | 3.1.2 | 140.00 | OK | |||
r-release-linux-x86_64 | 3.1.2 | 7.32 | 83.37 | 90.69 | OK | |
r-release-macos-arm64 | 3.1.2 | NOTE | ||||
r-release-macos-x86_64 | 3.1.2 | OK | ||||
r-release-windows-ix86+x86_64 | 3.1.2 | 9.00 | 82.00 | 91.00 | OK | |
r-oldrel-macos-x86_64 | 3.1.2 | OK | ||||
r-oldrel-windows-ix86+x86_64 | 3.1.2 | 10.00 | 115.00 | 125.00 | OK |
Version: 3.1.2
Check: package dependencies
Result: NOTE
Package suggested but not available for checking: ‘RODBC’
Flavor: r-release-macos-arm64